{"id":839,"date":"2023-10-18T16:36:08","date_gmt":"2023-10-18T13:36:08","guid":{"rendered":"https:\/\/www.hitech.fi\/hitech\/?post_type=product&#038;p=839"},"modified":"2024-05-10T13:57:49","modified_gmt":"2024-05-10T10:57:49","slug":"teho-vannepesu-ruosteenpoistaja-raudanpoistoaine","status":"publish","type":"product","link":"https:\/\/www.hitech.fi\/hitech\/product\/teho-vannepesu-ruosteenpoistaja-raudanpoistoaine\/","title":{"rendered":"TEHO Vannepesu &#038; Ruosteenpoistaja -raudanpoistoaine"},"content":{"rendered":"<p><strong>TEHO Vannepesu &amp; Ruosteenpoistaja on pH:ltaan neutraali k\u00e4ytt\u00f6valmis raudanpoistoaine. Tuote poistaa eritt\u00e4in tehokkaasti rautahiukkasia ja lentoruostetta, mutta on hell\u00e4varaisempi pest\u00e4ville kuin perinteiset vannehapot.<\/strong><\/p>\n<p><strong>\u00a0<\/strong><\/p>\n<p>Tuotetta voidaan k\u00e4ytt\u00e4\u00e4 ajoneuvojen ulkopinnoille (esim. autojen helmat) kiinnittyneiden rautahiukkasten ja lentoruosteen poistoon. Poistaa my\u00f6s rautapitoisen jarrup\u00f6lyn nopeasti ja tehokkaasti. Soveltuu my\u00f6s ruostetahrojen poistoon esim. kivi- ja betonipinnoilta.<\/p>\n<p><strong>\u00a0<\/strong><\/p>\n<p><strong>K\u00c4YTT\u00d6OHJE: <\/strong><\/p>\n<p><strong>\u00a0<\/strong><\/p>\n<ol>\n<li>Ulkopintojen pesu: Pese ajoneuvo ennen raudanpoistoa tehokkaalla kalustonpesu tai liuotinpesuaineella.<\/li>\n<li>Ravista pulloa huolellisesti ennen k\u00e4ytt\u00f6\u00e4. Sumuta tuotetta m\u00e4r\u00e4lle pinnalle. Anna vaikuttaa n. 5-10 minuuttia. Huuhtele huolellisesti painepesurilla tai vesiletkulla.<\/li>\n<li>Vanteidenpesussa k\u00e4yt\u00e4 tarvittaessa pehme\u00e4 harjaksista vanneharjaa tehostamaan tuotteen tehoa. My\u00f6s maalipinnalla tuotteen tehoa voidaan lis\u00e4t\u00e4 k\u00e4ytt\u00e4m\u00e4ll\u00e4 esim. mikrokuitulevitint\u00e4 levitt\u00e4m\u00e4\u00e4n ainetta sumutuksen yhteydess\u00e4 ja\/tai tehostamaan puhdistusta vaikutusajan j\u00e4lkeen.<\/li>\n<li>Tuotteen v\u00e4ri muuttuu punaiseksi\/violetiksi sen joutuessa kosketuksiin\/reagoidessa rautap\u00f6lyn kanssa.<\/li>\n<li>\u00c4l\u00e4 k\u00e4yt\u00e4 suorassa auringonpaisteessa tai kuumille pinnoille. \u00c4l\u00e4 anna tuotteen kuivua pintaan.<\/li>\n<\/ol>\n<p><strong>\u00a0<\/strong><\/p>\n<p>Tuoksu: Mieto tunnuksenomainen tuoksu<\/p>\n<p>V\u00e4ri: \u00a0\u00a0\u00a0\u00a0 Vaalea, muuttuu reaktiossa rautahiukkasten kanssa punaiseksi\/violetiksi<\/p>\n<p>Tuotenumero: 2001<\/p>\n<p>Tuote on pakattu 1 litran sumutinpulloon. Myyntier\u00e4 on yksi (1) laatikko, joka sis\u00e4lt\u00e4\u00e4 12 pulloa. Ammattik\u00e4ytt\u00f6\u00f6n.<\/p>\n","protected":false},"excerpt":{"rendered":"<p><strong>TEHO Vannepesu &amp; Ruosteenpoistaja <\/strong>on pH:ltaan neutraali k\u00e4ytt\u00f6valmis raudanpoistoaine. Tuote poistaa eritt\u00e4in tehokkaasti rautahiukkasia ja lentoruostetta, mutta on hell\u00e4varaisempi pest\u00e4ville kuin perinteiset vannehapot.<\/p>\n[maxbutton id=\"2\" url=\"https:\/\/www.hitech.fi\/hitech\/wp-content\/uploads\/2023\/12\/TEHO_Vannepesu_Ruosteenpoistaja_web.pdf\" text=\"Lataa tuotekortti\" window=\"new\" ]\n","protected":false},"featured_media":427,"comment_status":"closed","ping_status":"closed","template":"","meta":[],"product_brand":[],"product_cat":[95,147,134,112,133],"product_tag":[],"class_list":{"0":"post-839","1":"product","2":"type-product","3":"status-publish","4":"has-post-thumbnail","6":"product_cat-aerosolit-ja-sprayt","7":"product_cat-huolto-ja-korjaus","8":"product_cat-kalusto-ja-ajoneuvot","9":"product_cat-puhdistus","10":"product_cat-toimialat","12":"first","13":"instock","14":"shipping-taxable","15":"product-type-simple"},"yoast_head":"<!-- This site is optimized with the Yoast SEO plugin v24.3 - https:\/\/yoast.com\/wordpress\/plugins\/seo\/ -->\n<title>TEHO Vannepesu &amp; Ruosteenpoistaja -raudanpoistoaine | Hitech Chemicals<\/title>\n<meta name=\"robots\" content=\"index, follow, max-snippet:-1, max-image-preview:large, max-video-preview:-1\" \/>\n<link rel=\"canonical\" href=\"https:\/\/www.hitech.fi\/hitech\/product\/teho-vannepesu-ruosteenpoistaja-raudanpoistoaine\/\" \/>\n<meta property=\"og:locale\" content=\"fi_FI\" \/>\n<meta property=\"og:type\" content=\"article\" \/>\n<meta property=\"og:title\" content=\"TEHO Vannepesu &amp; Ruosteenpoistaja -raudanpoistoaine | Hitech Chemicals\" \/>\n<meta property=\"og:description\" content=\"TEHO Vannepesu &amp; Ruosteenpoistaja on pH:ltaan neutraali k\u00e4ytt\u00f6valmis raudanpoistoaine. Tuote poistaa eritt\u00e4in tehokkaasti rautahiukkasia ja lentoruostetta, mutta on hell\u00e4varaisempi pest\u00e4ville kuin perinteiset vannehapot.\" \/>\n<meta property=\"og:url\" content=\"https:\/\/www.hitech.fi\/hitech\/product\/teho-vannepesu-ruosteenpoistaja-raudanpoistoaine\/\" \/>\n<meta property=\"og:site_name\" content=\"Hitech Chemicals\" \/>\n<meta property=\"article:publisher\" content=\"https:\/\/www.facebook.com\/hitechfinland\" \/>\n<meta property=\"article:modified_time\" content=\"2024-05-10T10:57:49+00:00\" \/>\n<meta property=\"og:image\" content=\"https:\/\/www.hitech.fi\/hitech\/wp-content\/uploads\/2018\/01\/Hires_TEHO_Vannepesu_ja_Ruosteenpoistaja_v2.jpg\" \/>\n\t<meta property=\"og:image:width\" content=\"1024\" \/>\n\t<meta property=\"og:image:height\" content=\"1024\" \/>\n\t<meta property=\"og:image:type\" content=\"image\/jpeg\" \/>\n<meta name=\"twitter:card\" content=\"summary_large_image\" \/>\n<meta name=\"twitter:label1\" content=\"Arvioitu lukuaika\" \/>\n\t<meta name=\"twitter:data1\" content=\"1 minuutti\" \/>\n<script type=\"application\/ld+json\" class=\"yoast-schema-graph\">{\"@context\":\"https:\/\/schema.org\",\"@graph\":[{\"@type\":\"WebPage\",\"@id\":\"https:\/\/www.hitech.fi\/hitech\/product\/teho-vannepesu-ruosteenpoistaja-raudanpoistoaine\/\",\"url\":\"https:\/\/www.hitech.fi\/hitech\/product\/teho-vannepesu-ruosteenpoistaja-raudanpoistoaine\/\",\"name\":\"TEHO Vannepesu & Ruosteenpoistaja -raudanpoistoaine | Hitech Chemicals\",\"isPartOf\":{\"@id\":\"https:\/\/www.hitech.fi\/hitech\/#website\"},\"primaryImageOfPage\":{\"@id\":\"https:\/\/www.hitech.fi\/hitech\/product\/teho-vannepesu-ruosteenpoistaja-raudanpoistoaine\/#primaryimage\"},\"image\":{\"@id\":\"https:\/\/www.hitech.fi\/hitech\/product\/teho-vannepesu-ruosteenpoistaja-raudanpoistoaine\/#primaryimage\"},\"thumbnailUrl\":\"https:\/\/www.hitech.fi\/hitech\/wp-content\/uploads\/2018\/01\/Hires_TEHO_Vannepesu_ja_Ruosteenpoistaja_v2.jpg\",\"datePublished\":\"2023-10-18T13:36:08+00:00\",\"dateModified\":\"2024-05-10T10:57:49+00:00\",\"breadcrumb\":{\"@id\":\"https:\/\/www.hitech.fi\/hitech\/product\/teho-vannepesu-ruosteenpoistaja-raudanpoistoaine\/#breadcrumb\"},\"inLanguage\":\"fi\",\"potentialAction\":[{\"@type\":\"ReadAction\",\"target\":[\"https:\/\/www.hitech.fi\/hitech\/product\/teho-vannepesu-ruosteenpoistaja-raudanpoistoaine\/\"]}]},{\"@type\":\"ImageObject\",\"inLanguage\":\"fi\",\"@id\":\"https:\/\/www.hitech.fi\/hitech\/product\/teho-vannepesu-ruosteenpoistaja-raudanpoistoaine\/#primaryimage\",\"url\":\"https:\/\/www.hitech.fi\/hitech\/wp-content\/uploads\/2018\/01\/Hires_TEHO_Vannepesu_ja_Ruosteenpoistaja_v2.jpg\",\"contentUrl\":\"https:\/\/www.hitech.fi\/hitech\/wp-content\/uploads\/2018\/01\/Hires_TEHO_Vannepesu_ja_Ruosteenpoistaja_v2.jpg\",\"width\":1024,\"height\":1024,\"caption\":\"TEHO Vannepesu & Ruosteenpoistaja -raudanpoistoaine\"},{\"@type\":\"BreadcrumbList\",\"@id\":\"https:\/\/www.hitech.fi\/hitech\/product\/teho-vannepesu-ruosteenpoistaja-raudanpoistoaine\/#breadcrumb\",\"itemListElement\":[{\"@type\":\"ListItem\",\"position\":1,\"name\":\"Etusivu\",\"item\":\"https:\/\/www.hitech.fi\/hitech\/\"},{\"@type\":\"ListItem\",\"position\":2,\"name\":\"Katalogi\",\"item\":\"https:\/\/www.hitech.fi\/hitech\/katalogi\/\"},{\"@type\":\"ListItem\",\"position\":3,\"name\":\"TEHO Vannepesu &#038; Ruosteenpoistaja -raudanpoistoaine\"}]},{\"@type\":\"WebSite\",\"@id\":\"https:\/\/www.hitech.fi\/hitech\/#website\",\"url\":\"https:\/\/www.hitech.fi\/hitech\/\",\"name\":\"Hitech Chemicals\",\"description\":\"Puhdistusaineet ja huoltotuotteet\",\"publisher\":{\"@id\":\"https:\/\/www.hitech.fi\/hitech\/#organization\"},\"potentialAction\":[{\"@type\":\"SearchAction\",\"target\":{\"@type\":\"EntryPoint\",\"urlTemplate\":\"https:\/\/www.hitech.fi\/hitech\/?s={search_term_string}\"},\"query-input\":{\"@type\":\"PropertyValueSpecification\",\"valueRequired\":true,\"valueName\":\"search_term_string\"}}],\"inLanguage\":\"fi\"},{\"@type\":\"Organization\",\"@id\":\"https:\/\/www.hitech.fi\/hitech\/#organization\",\"name\":\"Hitech Chemicals\",\"alternateName\":\"Hitech\",\"url\":\"https:\/\/www.hitech.fi\/hitech\/\",\"logo\":{\"@type\":\"ImageObject\",\"inLanguage\":\"fi\",\"@id\":\"https:\/\/www.hitech.fi\/hitech\/#\/schema\/logo\/image\/\",\"url\":\"https:\/\/www.hitech.fi\/hitech\/wp-content\/uploads\/2023\/06\/cropped-hitech_logo_600x600.png\",\"contentUrl\":\"https:\/\/www.hitech.fi\/hitech\/wp-content\/uploads\/2023\/06\/cropped-hitech_logo_600x600.png\",\"width\":512,\"height\":512,\"caption\":\"Hitech Chemicals\"},\"image\":{\"@id\":\"https:\/\/www.hitech.fi\/hitech\/#\/schema\/logo\/image\/\"},\"sameAs\":[\"https:\/\/www.facebook.com\/hitechfinland\"]}]}<\/script>\n<!-- \/ Yoast SEO plugin. -->","yoast_head_json":{"title":"TEHO Vannepesu & Ruosteenpoistaja -raudanpoistoaine | Hitech Chemicals","robots":{"index":"index","follow":"follow","max-snippet":"max-snippet:-1","max-image-preview":"max-image-preview:large","max-video-preview":"max-video-preview:-1"},"canonical":"https:\/\/www.hitech.fi\/hitech\/product\/teho-vannepesu-ruosteenpoistaja-raudanpoistoaine\/","og_locale":"fi_FI","og_type":"article","og_title":"TEHO Vannepesu & Ruosteenpoistaja -raudanpoistoaine | Hitech Chemicals","og_description":"TEHO Vannepesu &amp; Ruosteenpoistaja on pH:ltaan neutraali k\u00e4ytt\u00f6valmis raudanpoistoaine. Tuote poistaa eritt\u00e4in tehokkaasti rautahiukkasia ja lentoruostetta, mutta on hell\u00e4varaisempi pest\u00e4ville kuin perinteiset vannehapot.","og_url":"https:\/\/www.hitech.fi\/hitech\/product\/teho-vannepesu-ruosteenpoistaja-raudanpoistoaine\/","og_site_name":"Hitech Chemicals","article_publisher":"https:\/\/www.facebook.com\/hitechfinland","article_modified_time":"2024-05-10T10:57:49+00:00","og_image":[{"width":1024,"height":1024,"url":"https:\/\/www.hitech.fi\/hitech\/wp-content\/uploads\/2018\/01\/Hires_TEHO_Vannepesu_ja_Ruosteenpoistaja_v2.jpg","type":"image\/jpeg"}],"twitter_card":"summary_large_image","twitter_misc":{"Arvioitu lukuaika":"1 minuutti"},"schema":{"@context":"https:\/\/schema.org","@graph":[{"@type":"WebPage","@id":"https:\/\/www.hitech.fi\/hitech\/product\/teho-vannepesu-ruosteenpoistaja-raudanpoistoaine\/","url":"https:\/\/www.hitech.fi\/hitech\/product\/teho-vannepesu-ruosteenpoistaja-raudanpoistoaine\/","name":"TEHO Vannepesu & Ruosteenpoistaja -raudanpoistoaine | Hitech Chemicals","isPartOf":{"@id":"https:\/\/www.hitech.fi\/hitech\/#website"},"primaryImageOfPage":{"@id":"https:\/\/www.hitech.fi\/hitech\/product\/teho-vannepesu-ruosteenpoistaja-raudanpoistoaine\/#primaryimage"},"image":{"@id":"https:\/\/www.hitech.fi\/hitech\/product\/teho-vannepesu-ruosteenpoistaja-raudanpoistoaine\/#primaryimage"},"thumbnailUrl":"https:\/\/www.hitech.fi\/hitech\/wp-content\/uploads\/2018\/01\/Hires_TEHO_Vannepesu_ja_Ruosteenpoistaja_v2.jpg","datePublished":"2023-10-18T13:36:08+00:00","dateModified":"2024-05-10T10:57:49+00:00","breadcrumb":{"@id":"https:\/\/www.hitech.fi\/hitech\/product\/teho-vannepesu-ruosteenpoistaja-raudanpoistoaine\/#breadcrumb"},"inLanguage":"fi","potentialAction":[{"@type":"ReadAction","target":["https:\/\/www.hitech.fi\/hitech\/product\/teho-vannepesu-ruosteenpoistaja-raudanpoistoaine\/"]}]},{"@type":"ImageObject","inLanguage":"fi","@id":"https:\/\/www.hitech.fi\/hitech\/product\/teho-vannepesu-ruosteenpoistaja-raudanpoistoaine\/#primaryimage","url":"https:\/\/www.hitech.fi\/hitech\/wp-content\/uploads\/2018\/01\/Hires_TEHO_Vannepesu_ja_Ruosteenpoistaja_v2.jpg","contentUrl":"https:\/\/www.hitech.fi\/hitech\/wp-content\/uploads\/2018\/01\/Hires_TEHO_Vannepesu_ja_Ruosteenpoistaja_v2.jpg","width":1024,"height":1024,"caption":"TEHO Vannepesu & Ruosteenpoistaja -raudanpoistoaine"},{"@type":"BreadcrumbList","@id":"https:\/\/www.hitech.fi\/hitech\/product\/teho-vannepesu-ruosteenpoistaja-raudanpoistoaine\/#breadcrumb","itemListElement":[{"@type":"ListItem","position":1,"name":"Etusivu","item":"https:\/\/www.hitech.fi\/hitech\/"},{"@type":"ListItem","position":2,"name":"Katalogi","item":"https:\/\/www.hitech.fi\/hitech\/katalogi\/"},{"@type":"ListItem","position":3,"name":"TEHO Vannepesu &#038; Ruosteenpoistaja -raudanpoistoaine"}]},{"@type":"WebSite","@id":"https:\/\/www.hitech.fi\/hitech\/#website","url":"https:\/\/www.hitech.fi\/hitech\/","name":"Hitech Chemicals","description":"Puhdistusaineet ja huoltotuotteet","publisher":{"@id":"https:\/\/www.hitech.fi\/hitech\/#organization"},"potentialAction":[{"@type":"SearchAction","target":{"@type":"EntryPoint","urlTemplate":"https:\/\/www.hitech.fi\/hitech\/?s={search_term_string}"},"query-input":{"@type":"PropertyValueSpecification","valueRequired":true,"valueName":"search_term_string"}}],"inLanguage":"fi"},{"@type":"Organization","@id":"https:\/\/www.hitech.fi\/hitech\/#organization","name":"Hitech Chemicals","alternateName":"Hitech","url":"https:\/\/www.hitech.fi\/hitech\/","logo":{"@type":"ImageObject","inLanguage":"fi","@id":"https:\/\/www.hitech.fi\/hitech\/#\/schema\/logo\/image\/","url":"https:\/\/www.hitech.fi\/hitech\/wp-content\/uploads\/2023\/06\/cropped-hitech_logo_600x600.png","contentUrl":"https:\/\/www.hitech.fi\/hitech\/wp-content\/uploads\/2023\/06\/cropped-hitech_logo_600x600.png","width":512,"height":512,"caption":"Hitech Chemicals"},"image":{"@id":"https:\/\/www.hitech.fi\/hitech\/#\/schema\/logo\/image\/"},"sameAs":["https:\/\/www.facebook.com\/hitechfinland"]}]}},"_links":{"self":[{"href":"https:\/\/www.hitech.fi\/hitech\/wp-json\/wp\/v2\/product\/839","targetHints":{"allow":["GET"]}}],"collection":[{"href":"https:\/\/www.hitech.fi\/hitech\/wp-json\/wp\/v2\/product"}],"about":[{"href":"https:\/\/www.hitech.fi\/hitech\/wp-json\/wp\/v2\/types\/product"}],"replies":[{"embeddable":true,"href":"https:\/\/www.hitech.fi\/hitech\/wp-json\/wp\/v2\/comments?post=839"}],"wp:featuredmedia":[{"embeddable":true,"href":"https:\/\/www.hitech.fi\/hitech\/wp-json\/wp\/v2\/media\/427"}],"wp:attachment":[{"href":"https:\/\/www.hitech.fi\/hitech\/wp-json\/wp\/v2\/media?parent=839"}],"wp:term":[{"taxonomy":"product_brand","embeddable":true,"href":"https:\/\/www.hitech.fi\/hitech\/wp-json\/wp\/v2\/product_brand?post=839"},{"taxonomy":"product_cat","embeddable":true,"href":"https:\/\/www.hitech.fi\/hitech\/wp-json\/wp\/v2\/product_cat?post=839"},{"taxonomy":"product_tag","embeddable":true,"href":"https:\/\/www.hitech.fi\/hitech\/wp-json\/wp\/v2\/product_tag?post=839"}],"curies":[{"name":"wp","href":"https:\/\/api.w.org\/{rel}","templated":true}]}}