{"id":808,"date":"2023-10-18T10:06:26","date_gmt":"2023-10-18T07:06:26","guid":{"rendered":"https:\/\/www.hitech.fi\/hitech\/?post_type=product&#038;p=808"},"modified":"2024-05-10T14:11:07","modified_gmt":"2024-05-10T11:11:07","slug":"teho-raikas-pesu-puhdistus-ja-desinfiointiaine","status":"publish","type":"product","link":"https:\/\/www.hitech.fi\/hitech\/product\/teho-raikas-pesu-puhdistus-ja-desinfiointiaine\/","title":{"rendered":"TEHO Raikas Pesu -puhdistus- ja desinfiointiaine"},"content":{"rendered":"<p><strong>Eritt\u00e4in tehokas puhdistus- ja desinfiointiaine, joka neutraloi ja poistaa ep\u00e4miellytt\u00e4vi\u00e4 hajuja. <\/strong><\/p>\n<p><strong>TEHO Raikas Pesu j\u00e4tt\u00e4\u00e4 pitk\u00e4kestoisen, eritt\u00e4in miellytt\u00e4v\u00e4n ja raikkaan appelsiinin\/greipin tuoksun. <\/strong>Poistaa eritt\u00e4in tehokkaasti virtsan, oksennuksen, pilaantuneiden elintarvikkeiden jne. ep\u00e4miellytt\u00e4v\u00e4t hajut. Tuote on tehokas tiiviste, jota voidaan laimentaa jopa 1:100. Tarjoaa v\u00e4litt\u00f6m\u00e4n ratkaisun ep\u00e4miellytt\u00e4vien hajujen hallintaan ja on edullinen k\u00e4yt\u00f6ss\u00e4.<\/p>\n<p>TEHO Raikas Pesu tarjoaa voimakkaan ja pitk\u00e4kestoisen desinfiointi ominaisuuden ja soveltuu erinomaisesti kovien pintojen, j\u00e4teastioiden, viem\u00e4reiden ja lattiakaivojen puhtaanapitoon.<\/p>\n<p><strong>\u00a0<\/strong><\/p>\n<p><strong>K\u00c4YTT\u00d6KOHTEET:<\/strong><\/p>\n<p>TEHO Raikas Pesu on erityisen tehokas puhdistukseen ja ep\u00e4miellytt\u00e4vien hajujen poistoon pukuhuoneissa, wc-tiloissa, porrashuoneissa, porttikongeissa, hisseiss\u00e4, uimahalleissa, ravintoloissa, j\u00e4teastioissa, j\u00e4teautoissa, viem\u00e4reiss\u00e4 jne.<\/p>\n<p><strong>\u00a0<\/strong><\/p>\n<p><strong>HUOM. AMMATTIK\u00c4YTT\u00d6\u00d6N!<\/strong><\/p>\n<p><strong>K\u00c4YTT\u00d6OHJE:<\/strong><\/p>\n<ol>\n<li>Harjaa tai moppia k\u00e4ytett\u00e4ess\u00e4 sekoita 1-10 % veteen kohteen likaisuudesta ja hajun voimakkuudesta riippuen.<\/li>\n<li>Ruiskutettaessa\/Painekannua k\u00e4ytett\u00e4ess\u00e4 sekoita 1-25 % veteen kohteen likaisuudesta ja hajun voimakkuudesta riippuen.<\/li>\n<li>Huuhtele tarvittaessa.<\/li>\n<\/ol>\n<p><strong>\u00a0<\/strong><\/p>\n<p><strong>pH: <\/strong>9,2<\/p>\n<p><strong>Sis\u00e4lt\u00e4\u00e4: <\/strong>Didekyylidimetyyliammoniumkloridia<\/p>\n<p><strong>\u00a0<\/strong><\/p>\n<p>Tuotenumero:<br \/>\n2057\/C5 (Lemon)<br \/>\n2057\/POM5 (Pomelo\/Greippi)<\/p>\n<p>Vain ammattik\u00e4ytt\u00f6\u00f6n. Tuote on pakattu 5 litran muoviastiaan. Myyntier\u00e4 on yksi (1) laatikko, joka sis\u00e4lt\u00e4\u00e4 4 astiaa. Vain ammattik\u00e4ytt\u00f6\u00f6n.<\/p>\n","protected":false},"excerpt":{"rendered":"<p><strong>TEHO Raikas Pesu <\/strong>on eritt\u00e4in tehokas puhdistus- ja desinfiointiaine, joka neutraloi ja poistaa ep\u00e4miellytt\u00e4vi\u00e4 hajuja. Aine j\u00e4tt\u00e4\u00e4 pitk\u00e4kestoisen, eritt\u00e4in miellytt\u00e4v\u00e4n ja raikkaan pomelon\/greipin tuoksun. Saatavilla my\u00f6s sitruksen (lemon) tuoksuisena.<\/p>\n[maxbutton id=\"2\" url=\"https:\/\/www.hitech.fi\/hitech\/wp-content\/uploads\/2023\/12\/TEHO_Raikas_Pesu_web.pdf\" text=\"Lataa tuotekortti\" window=\"new\" ]\n","protected":false},"featured_media":333,"comment_status":"closed","ping_status":"closed","template":"","meta":[],"product_brand":[],"product_cat":[145,136,138,137,96,133,121],"product_tag":[],"class_list":{"0":"post-808","1":"product","2":"type-product","3":"status-publish","4":"has-post-thumbnail","6":"product_cat-desinfiointi-pesuaineet-ja-vahat","7":"product_cat-keittio-ja-elintarviketeollisuus","8":"product_cat-kiinteistohuolto","9":"product_cat-maatalous","10":"product_cat-pesuaineet","11":"product_cat-toimialat","12":"product_cat-yleispesuaineet","14":"first","15":"instock","16":"shipping-taxable","17":"product-type-simple"},"yoast_head":"<!-- This site is optimized with the Yoast SEO plugin v24.3 - https:\/\/yoast.com\/wordpress\/plugins\/seo\/ -->\n<title>TEHO Raikas Pesu -puhdistus- ja desinfiointiaine | Hitech Chemicals<\/title>\n<meta name=\"robots\" content=\"index, follow, max-snippet:-1, max-image-preview:large, max-video-preview:-1\" \/>\n<link rel=\"canonical\" href=\"https:\/\/www.hitech.fi\/hitech\/product\/teho-raikas-pesu-puhdistus-ja-desinfiointiaine\/\" \/>\n<meta property=\"og:locale\" content=\"fi_FI\" \/>\n<meta property=\"og:type\" content=\"article\" \/>\n<meta property=\"og:title\" content=\"TEHO Raikas Pesu -puhdistus- ja desinfiointiaine | Hitech Chemicals\" \/>\n<meta property=\"og:description\" content=\"TEHO Raikas Pesu on eritt\u00e4in tehokas puhdistus- ja desinfiointiaine, joka neutraloi ja poistaa ep\u00e4miellytt\u00e4vi\u00e4 hajuja. Aine j\u00e4tt\u00e4\u00e4 pitk\u00e4kestoisen, eritt\u00e4in miellytt\u00e4v\u00e4n ja raikkaan pomelon\/greipin tuoksun. Saatavilla my\u00f6s sitruksen (lemon) tuoksuisena.\" \/>\n<meta property=\"og:url\" content=\"https:\/\/www.hitech.fi\/hitech\/product\/teho-raikas-pesu-puhdistus-ja-desinfiointiaine\/\" \/>\n<meta property=\"og:site_name\" content=\"Hitech Chemicals\" \/>\n<meta property=\"article:publisher\" content=\"https:\/\/www.facebook.com\/hitechfinland\" \/>\n<meta property=\"article:modified_time\" content=\"2024-05-10T11:11:07+00:00\" \/>\n<meta property=\"og:image\" content=\"https:\/\/www.hitech.fi\/hitech\/wp-content\/uploads\/2015\/10\/Hires_TEHO_Raikas_Pesu_Pomelo.jpg\" \/>\n\t<meta property=\"og:image:width\" content=\"1024\" \/>\n\t<meta property=\"og:image:height\" content=\"1024\" \/>\n\t<meta property=\"og:image:type\" content=\"image\/jpeg\" \/>\n<meta name=\"twitter:card\" content=\"summary_large_image\" \/>\n<meta name=\"twitter:label1\" content=\"Arvioitu lukuaika\" \/>\n\t<meta name=\"twitter:data1\" content=\"1 minuutti\" \/>\n<script type=\"application\/ld+json\" class=\"yoast-schema-graph\">{\"@context\":\"https:\/\/schema.org\",\"@graph\":[{\"@type\":\"WebPage\",\"@id\":\"https:\/\/www.hitech.fi\/hitech\/product\/teho-raikas-pesu-puhdistus-ja-desinfiointiaine\/\",\"url\":\"https:\/\/www.hitech.fi\/hitech\/product\/teho-raikas-pesu-puhdistus-ja-desinfiointiaine\/\",\"name\":\"TEHO Raikas Pesu -puhdistus- ja desinfiointiaine | Hitech Chemicals\",\"isPartOf\":{\"@id\":\"https:\/\/www.hitech.fi\/hitech\/#website\"},\"primaryImageOfPage\":{\"@id\":\"https:\/\/www.hitech.fi\/hitech\/product\/teho-raikas-pesu-puhdistus-ja-desinfiointiaine\/#primaryimage\"},\"image\":{\"@id\":\"https:\/\/www.hitech.fi\/hitech\/product\/teho-raikas-pesu-puhdistus-ja-desinfiointiaine\/#primaryimage\"},\"thumbnailUrl\":\"https:\/\/www.hitech.fi\/hitech\/wp-content\/uploads\/2015\/10\/Hires_TEHO_Raikas_Pesu_Pomelo.jpg\",\"datePublished\":\"2023-10-18T07:06:26+00:00\",\"dateModified\":\"2024-05-10T11:11:07+00:00\",\"breadcrumb\":{\"@id\":\"https:\/\/www.hitech.fi\/hitech\/product\/teho-raikas-pesu-puhdistus-ja-desinfiointiaine\/#breadcrumb\"},\"inLanguage\":\"fi\",\"potentialAction\":[{\"@type\":\"ReadAction\",\"target\":[\"https:\/\/www.hitech.fi\/hitech\/product\/teho-raikas-pesu-puhdistus-ja-desinfiointiaine\/\"]}]},{\"@type\":\"ImageObject\",\"inLanguage\":\"fi\",\"@id\":\"https:\/\/www.hitech.fi\/hitech\/product\/teho-raikas-pesu-puhdistus-ja-desinfiointiaine\/#primaryimage\",\"url\":\"https:\/\/www.hitech.fi\/hitech\/wp-content\/uploads\/2015\/10\/Hires_TEHO_Raikas_Pesu_Pomelo.jpg\",\"contentUrl\":\"https:\/\/www.hitech.fi\/hitech\/wp-content\/uploads\/2015\/10\/Hires_TEHO_Raikas_Pesu_Pomelo.jpg\",\"width\":1024,\"height\":1024,\"caption\":\"TEHO Raikas Pesu puhdistusaine ja desinfiointiaine\"},{\"@type\":\"BreadcrumbList\",\"@id\":\"https:\/\/www.hitech.fi\/hitech\/product\/teho-raikas-pesu-puhdistus-ja-desinfiointiaine\/#breadcrumb\",\"itemListElement\":[{\"@type\":\"ListItem\",\"position\":1,\"name\":\"Etusivu\",\"item\":\"https:\/\/www.hitech.fi\/hitech\/\"},{\"@type\":\"ListItem\",\"position\":2,\"name\":\"Katalogi\",\"item\":\"https:\/\/www.hitech.fi\/hitech\/katalogi\/\"},{\"@type\":\"ListItem\",\"position\":3,\"name\":\"TEHO Raikas Pesu -puhdistus- ja desinfiointiaine\"}]},{\"@type\":\"WebSite\",\"@id\":\"https:\/\/www.hitech.fi\/hitech\/#website\",\"url\":\"https:\/\/www.hitech.fi\/hitech\/\",\"name\":\"Hitech Chemicals\",\"description\":\"Puhdistusaineet ja huoltotuotteet\",\"publisher\":{\"@id\":\"https:\/\/www.hitech.fi\/hitech\/#organization\"},\"potentialAction\":[{\"@type\":\"SearchAction\",\"target\":{\"@type\":\"EntryPoint\",\"urlTemplate\":\"https:\/\/www.hitech.fi\/hitech\/?s={search_term_string}\"},\"query-input\":{\"@type\":\"PropertyValueSpecification\",\"valueRequired\":true,\"valueName\":\"search_term_string\"}}],\"inLanguage\":\"fi\"},{\"@type\":\"Organization\",\"@id\":\"https:\/\/www.hitech.fi\/hitech\/#organization\",\"name\":\"Hitech Chemicals\",\"alternateName\":\"Hitech\",\"url\":\"https:\/\/www.hitech.fi\/hitech\/\",\"logo\":{\"@type\":\"ImageObject\",\"inLanguage\":\"fi\",\"@id\":\"https:\/\/www.hitech.fi\/hitech\/#\/schema\/logo\/image\/\",\"url\":\"https:\/\/www.hitech.fi\/hitech\/wp-content\/uploads\/2023\/06\/cropped-hitech_logo_600x600.png\",\"contentUrl\":\"https:\/\/www.hitech.fi\/hitech\/wp-content\/uploads\/2023\/06\/cropped-hitech_logo_600x600.png\",\"width\":512,\"height\":512,\"caption\":\"Hitech Chemicals\"},\"image\":{\"@id\":\"https:\/\/www.hitech.fi\/hitech\/#\/schema\/logo\/image\/\"},\"sameAs\":[\"https:\/\/www.facebook.com\/hitechfinland\"]}]}<\/script>\n<!-- \/ Yoast SEO plugin. -->","yoast_head_json":{"title":"TEHO Raikas Pesu -puhdistus- ja desinfiointiaine | Hitech Chemicals","robots":{"index":"index","follow":"follow","max-snippet":"max-snippet:-1","max-image-preview":"max-image-preview:large","max-video-preview":"max-video-preview:-1"},"canonical":"https:\/\/www.hitech.fi\/hitech\/product\/teho-raikas-pesu-puhdistus-ja-desinfiointiaine\/","og_locale":"fi_FI","og_type":"article","og_title":"TEHO Raikas Pesu -puhdistus- ja desinfiointiaine | Hitech Chemicals","og_description":"TEHO Raikas Pesu on eritt\u00e4in tehokas puhdistus- ja desinfiointiaine, joka neutraloi ja poistaa ep\u00e4miellytt\u00e4vi\u00e4 hajuja. Aine j\u00e4tt\u00e4\u00e4 pitk\u00e4kestoisen, eritt\u00e4in miellytt\u00e4v\u00e4n ja raikkaan pomelon\/greipin tuoksun. Saatavilla my\u00f6s sitruksen (lemon) tuoksuisena.","og_url":"https:\/\/www.hitech.fi\/hitech\/product\/teho-raikas-pesu-puhdistus-ja-desinfiointiaine\/","og_site_name":"Hitech Chemicals","article_publisher":"https:\/\/www.facebook.com\/hitechfinland","article_modified_time":"2024-05-10T11:11:07+00:00","og_image":[{"width":1024,"height":1024,"url":"https:\/\/www.hitech.fi\/hitech\/wp-content\/uploads\/2015\/10\/Hires_TEHO_Raikas_Pesu_Pomelo.jpg","type":"image\/jpeg"}],"twitter_card":"summary_large_image","twitter_misc":{"Arvioitu lukuaika":"1 minuutti"},"schema":{"@context":"https:\/\/schema.org","@graph":[{"@type":"WebPage","@id":"https:\/\/www.hitech.fi\/hitech\/product\/teho-raikas-pesu-puhdistus-ja-desinfiointiaine\/","url":"https:\/\/www.hitech.fi\/hitech\/product\/teho-raikas-pesu-puhdistus-ja-desinfiointiaine\/","name":"TEHO Raikas Pesu -puhdistus- ja desinfiointiaine | Hitech Chemicals","isPartOf":{"@id":"https:\/\/www.hitech.fi\/hitech\/#website"},"primaryImageOfPage":{"@id":"https:\/\/www.hitech.fi\/hitech\/product\/teho-raikas-pesu-puhdistus-ja-desinfiointiaine\/#primaryimage"},"image":{"@id":"https:\/\/www.hitech.fi\/hitech\/product\/teho-raikas-pesu-puhdistus-ja-desinfiointiaine\/#primaryimage"},"thumbnailUrl":"https:\/\/www.hitech.fi\/hitech\/wp-content\/uploads\/2015\/10\/Hires_TEHO_Raikas_Pesu_Pomelo.jpg","datePublished":"2023-10-18T07:06:26+00:00","dateModified":"2024-05-10T11:11:07+00:00","breadcrumb":{"@id":"https:\/\/www.hitech.fi\/hitech\/product\/teho-raikas-pesu-puhdistus-ja-desinfiointiaine\/#breadcrumb"},"inLanguage":"fi","potentialAction":[{"@type":"ReadAction","target":["https:\/\/www.hitech.fi\/hitech\/product\/teho-raikas-pesu-puhdistus-ja-desinfiointiaine\/"]}]},{"@type":"ImageObject","inLanguage":"fi","@id":"https:\/\/www.hitech.fi\/hitech\/product\/teho-raikas-pesu-puhdistus-ja-desinfiointiaine\/#primaryimage","url":"https:\/\/www.hitech.fi\/hitech\/wp-content\/uploads\/2015\/10\/Hires_TEHO_Raikas_Pesu_Pomelo.jpg","contentUrl":"https:\/\/www.hitech.fi\/hitech\/wp-content\/uploads\/2015\/10\/Hires_TEHO_Raikas_Pesu_Pomelo.jpg","width":1024,"height":1024,"caption":"TEHO Raikas Pesu puhdistusaine ja desinfiointiaine"},{"@type":"BreadcrumbList","@id":"https:\/\/www.hitech.fi\/hitech\/product\/teho-raikas-pesu-puhdistus-ja-desinfiointiaine\/#breadcrumb","itemListElement":[{"@type":"ListItem","position":1,"name":"Etusivu","item":"https:\/\/www.hitech.fi\/hitech\/"},{"@type":"ListItem","position":2,"name":"Katalogi","item":"https:\/\/www.hitech.fi\/hitech\/katalogi\/"},{"@type":"ListItem","position":3,"name":"TEHO Raikas Pesu -puhdistus- ja desinfiointiaine"}]},{"@type":"WebSite","@id":"https:\/\/www.hitech.fi\/hitech\/#website","url":"https:\/\/www.hitech.fi\/hitech\/","name":"Hitech Chemicals","description":"Puhdistusaineet ja huoltotuotteet","publisher":{"@id":"https:\/\/www.hitech.fi\/hitech\/#organization"},"potentialAction":[{"@type":"SearchAction","target":{"@type":"EntryPoint","urlTemplate":"https:\/\/www.hitech.fi\/hitech\/?s={search_term_string}"},"query-input":{"@type":"PropertyValueSpecification","valueRequired":true,"valueName":"search_term_string"}}],"inLanguage":"fi"},{"@type":"Organization","@id":"https:\/\/www.hitech.fi\/hitech\/#organization","name":"Hitech Chemicals","alternateName":"Hitech","url":"https:\/\/www.hitech.fi\/hitech\/","logo":{"@type":"ImageObject","inLanguage":"fi","@id":"https:\/\/www.hitech.fi\/hitech\/#\/schema\/logo\/image\/","url":"https:\/\/www.hitech.fi\/hitech\/wp-content\/uploads\/2023\/06\/cropped-hitech_logo_600x600.png","contentUrl":"https:\/\/www.hitech.fi\/hitech\/wp-content\/uploads\/2023\/06\/cropped-hitech_logo_600x600.png","width":512,"height":512,"caption":"Hitech Chemicals"},"image":{"@id":"https:\/\/www.hitech.fi\/hitech\/#\/schema\/logo\/image\/"},"sameAs":["https:\/\/www.facebook.com\/hitechfinland"]}]}},"_links":{"self":[{"href":"https:\/\/www.hitech.fi\/hitech\/wp-json\/wp\/v2\/product\/808","targetHints":{"allow":["GET"]}}],"collection":[{"href":"https:\/\/www.hitech.fi\/hitech\/wp-json\/wp\/v2\/product"}],"about":[{"href":"https:\/\/www.hitech.fi\/hitech\/wp-json\/wp\/v2\/types\/product"}],"replies":[{"embeddable":true,"href":"https:\/\/www.hitech.fi\/hitech\/wp-json\/wp\/v2\/comments?post=808"}],"wp:featuredmedia":[{"embeddable":true,"href":"https:\/\/www.hitech.fi\/hitech\/wp-json\/wp\/v2\/media\/333"}],"wp:attachment":[{"href":"https:\/\/www.hitech.fi\/hitech\/wp-json\/wp\/v2\/media?parent=808"}],"wp:term":[{"taxonomy":"product_brand","embeddable":true,"href":"https:\/\/www.hitech.fi\/hitech\/wp-json\/wp\/v2\/product_brand?post=808"},{"taxonomy":"product_cat","embeddable":true,"href":"https:\/\/www.hitech.fi\/hitech\/wp-json\/wp\/v2\/product_cat?post=808"},{"taxonomy":"product_tag","embeddable":true,"href":"https:\/\/www.hitech.fi\/hitech\/wp-json\/wp\/v2\/product_tag?post=808"}],"curies":[{"name":"wp","href":"https:\/\/api.w.org\/{rel}","templated":true}]}}