{"id":799,"date":"2023-10-18T07:53:38","date_gmt":"2023-10-18T04:53:38","guid":{"rendered":"https:\/\/www.hitech.fi\/hitech\/?post_type=product&#038;p=799"},"modified":"2024-05-10T14:17:32","modified_gmt":"2024-05-10T11:17:32","slug":"teho-brake-cleaner-jarrujen-puhdistusaine","status":"publish","type":"product","link":"https:\/\/www.hitech.fi\/hitech\/product\/teho-brake-cleaner-jarrujen-puhdistusaine\/","title":{"rendered":"TEHO Brake Cleaner+ -jarrujen puhdistusaine"},"content":{"rendered":"<p><strong>TEHO Brake Cleaner on eritt\u00e4in nopea ja tehokas jarrujen puhdistusaerosoli. <\/strong><\/p>\n<p><strong>Erityisesti jarrujen ja kytkinten puhdistukseen suunniteltu aerosoli. Erinomainen liuotin jarrunesteen, \u00f6ljyn, rasvan, karstan, p\u00f6lyn ja metalli j\u00e4\u00e4mien poistoon. Parantaa jarrujen toimintaa poistamalla haitallisen p\u00f6lyn. Poistaa my\u00f6s jarrujen \u201dvinkumisen\u201d.<\/strong><\/p>\n<p>Ei vaadi jarruj\u00e4rjestelm\u00e4n purkamista. Ei j\u00e4t\u00e4 ainej\u00e4\u00e4mi\u00e4. Tuotteen haihtumisnopeus on optimoitu parhaan mahdollisen lopputuloksen saavuttamiseksi. Liuottimella on aikaa tunkeutua j\u00e4rjestelm\u00e4\u00e4n ja poistaa tehokkaasti p\u00f6ly, lika ja metallij\u00e4\u00e4m\u00e4t. Nopea, tehokas ja pitk\u00e4aikainen vaikutus. K\u00e4tev\u00e4 aerosolipakkaus mahdollistaa p\u00e4\u00e4syn hankalimpiinkin paikkoihin.<\/p>\n<p>Ei sis\u00e4ll\u00e4 kloorattuja liuottimia eik\u00e4 glykolieetteri\u00e4.<\/p>\n<p>&nbsp;<\/p>\n<p><strong>HUOM. AMMATTIK\u00c4YTT\u00d6\u00d6N!<\/strong><\/p>\n<p><strong>K\u00c4YTT\u00d6OHJE:<\/strong><\/p>\n<ol>\n<li>Suihkuta runsaasti puhdistettaville osille.<\/li>\n<li>Pyyhi puhtaalla liinalla tai anna kuivua vapaasti.<\/li>\n<li>Toista k\u00e4sittely tarvittaessa.<\/li>\n<\/ol>\n<p>&nbsp;<\/p>\n<p>Tuotenumero: 5144<\/p>\n<p>Tuote on pakattu aerosolipulloon, jonka nettotilavuus on 600 ml. Myyntier\u00e4 on yksi (1) laatikko, joka sis\u00e4lt\u00e4\u00e4 12 pulloa. Ammattik\u00e4ytt\u00f6\u00f6n.<\/p>\n","protected":false},"excerpt":{"rendered":"<p><strong>TEHO Brake Cleaner <\/strong>on eritt\u00e4in nopea ja tehokas jarrujen puhdistusaerosoli. Erityisesti jarrujen ja kytkinten puhdistukseen suunniteltu aerosoli. Erinomainen liuotin jarrunesteen, \u00f6ljyn, rasvan, karstan, p\u00f6lyn ja metalli j\u00e4\u00e4mien poistoon. Parantaa jarrujen toimintaa poistamalla haitallisen p\u00f6lyn. Poistaa my\u00f6s jarrujen \u201dvinkumisen\u201d.<\/p>\n[maxbutton id=\"2\" url=\"https:\/\/www.hitech.fi\/hitech\/wp-content\/uploads\/2023\/12\/TEHO_Brake_Cleaner_800ml_web.pdf\" text=\"Lataa tuotekortti\" window=\"new\" ]\n","protected":false},"featured_media":360,"comment_status":"closed","ping_status":"closed","template":"","meta":[],"product_brand":[],"product_cat":[95,147,113,135,133],"product_tag":[],"class_list":{"0":"post-799","1":"product","2":"type-product","3":"status-publish","4":"has-post-thumbnail","6":"product_cat-aerosolit-ja-sprayt","7":"product_cat-huolto-ja-korjaus","8":"product_cat-rasvanpoistajat","9":"product_cat-teollisuus","10":"product_cat-toimialat","12":"first","13":"instock","14":"shipping-taxable","15":"product-type-simple"},"yoast_head":"<!-- This site is optimized with the Yoast SEO plugin v24.3 - https:\/\/yoast.com\/wordpress\/plugins\/seo\/ -->\n<title>TEHO Brake Cleaner+ -jarrujen puhdistusaine | Hitech Chemicals<\/title>\n<meta name=\"robots\" content=\"index, follow, max-snippet:-1, max-image-preview:large, max-video-preview:-1\" \/>\n<link rel=\"canonical\" href=\"https:\/\/www.hitech.fi\/hitech\/product\/teho-brake-cleaner-jarrujen-puhdistusaine\/\" \/>\n<meta property=\"og:locale\" content=\"fi_FI\" \/>\n<meta property=\"og:type\" content=\"article\" \/>\n<meta property=\"og:title\" content=\"TEHO Brake Cleaner+ -jarrujen puhdistusaine | Hitech Chemicals\" \/>\n<meta property=\"og:description\" content=\"TEHO Brake Cleaner on eritt\u00e4in nopea ja tehokas jarrujen puhdistusaerosoli. Erityisesti jarrujen ja kytkinten puhdistukseen suunniteltu aerosoli. Erinomainen liuotin jarrunesteen, \u00f6ljyn, rasvan, karstan, p\u00f6lyn ja metalli j\u00e4\u00e4mien poistoon. Parantaa jarrujen toimintaa poistamalla haitallisen p\u00f6lyn. Poistaa my\u00f6s jarrujen \u201dvinkumisen\u201d.\" \/>\n<meta property=\"og:url\" content=\"https:\/\/www.hitech.fi\/hitech\/product\/teho-brake-cleaner-jarrujen-puhdistusaine\/\" \/>\n<meta property=\"og:site_name\" content=\"Hitech Chemicals\" \/>\n<meta property=\"article:publisher\" content=\"https:\/\/www.facebook.com\/hitechfinland\" \/>\n<meta property=\"article:modified_time\" content=\"2024-05-10T11:17:32+00:00\" \/>\n<meta property=\"og:image\" content=\"https:\/\/www.hitech.fi\/hitech\/wp-content\/uploads\/2017\/08\/Hires_TEHO_Brake_Cleaner_Plus.jpg\" \/>\n\t<meta property=\"og:image:width\" content=\"1024\" \/>\n\t<meta property=\"og:image:height\" content=\"1024\" \/>\n\t<meta property=\"og:image:type\" content=\"image\/jpeg\" \/>\n<meta name=\"twitter:card\" content=\"summary_large_image\" \/>\n<meta name=\"twitter:label1\" content=\"Arvioitu lukuaika\" \/>\n\t<meta name=\"twitter:data1\" content=\"1 minuutti\" \/>\n<script type=\"application\/ld+json\" class=\"yoast-schema-graph\">{\"@context\":\"https:\/\/schema.org\",\"@graph\":[{\"@type\":\"WebPage\",\"@id\":\"https:\/\/www.hitech.fi\/hitech\/product\/teho-brake-cleaner-jarrujen-puhdistusaine\/\",\"url\":\"https:\/\/www.hitech.fi\/hitech\/product\/teho-brake-cleaner-jarrujen-puhdistusaine\/\",\"name\":\"TEHO Brake Cleaner+ -jarrujen puhdistusaine | Hitech Chemicals\",\"isPartOf\":{\"@id\":\"https:\/\/www.hitech.fi\/hitech\/#website\"},\"primaryImageOfPage\":{\"@id\":\"https:\/\/www.hitech.fi\/hitech\/product\/teho-brake-cleaner-jarrujen-puhdistusaine\/#primaryimage\"},\"image\":{\"@id\":\"https:\/\/www.hitech.fi\/hitech\/product\/teho-brake-cleaner-jarrujen-puhdistusaine\/#primaryimage\"},\"thumbnailUrl\":\"https:\/\/www.hitech.fi\/hitech\/wp-content\/uploads\/2017\/08\/Hires_TEHO_Brake_Cleaner_Plus.jpg\",\"datePublished\":\"2023-10-18T04:53:38+00:00\",\"dateModified\":\"2024-05-10T11:17:32+00:00\",\"breadcrumb\":{\"@id\":\"https:\/\/www.hitech.fi\/hitech\/product\/teho-brake-cleaner-jarrujen-puhdistusaine\/#breadcrumb\"},\"inLanguage\":\"fi\",\"potentialAction\":[{\"@type\":\"ReadAction\",\"target\":[\"https:\/\/www.hitech.fi\/hitech\/product\/teho-brake-cleaner-jarrujen-puhdistusaine\/\"]}]},{\"@type\":\"ImageObject\",\"inLanguage\":\"fi\",\"@id\":\"https:\/\/www.hitech.fi\/hitech\/product\/teho-brake-cleaner-jarrujen-puhdistusaine\/#primaryimage\",\"url\":\"https:\/\/www.hitech.fi\/hitech\/wp-content\/uploads\/2017\/08\/Hires_TEHO_Brake_Cleaner_Plus.jpg\",\"contentUrl\":\"https:\/\/www.hitech.fi\/hitech\/wp-content\/uploads\/2017\/08\/Hires_TEHO_Brake_Cleaner_Plus.jpg\",\"width\":1024,\"height\":1024,\"caption\":\"TEHO Brake Cleaner+ -jarrujen puhdistusaine\"},{\"@type\":\"BreadcrumbList\",\"@id\":\"https:\/\/www.hitech.fi\/hitech\/product\/teho-brake-cleaner-jarrujen-puhdistusaine\/#breadcrumb\",\"itemListElement\":[{\"@type\":\"ListItem\",\"position\":1,\"name\":\"Etusivu\",\"item\":\"https:\/\/www.hitech.fi\/hitech\/\"},{\"@type\":\"ListItem\",\"position\":2,\"name\":\"Katalogi\",\"item\":\"https:\/\/www.hitech.fi\/hitech\/katalogi\/\"},{\"@type\":\"ListItem\",\"position\":3,\"name\":\"TEHO Brake Cleaner+ -jarrujen puhdistusaine\"}]},{\"@type\":\"WebSite\",\"@id\":\"https:\/\/www.hitech.fi\/hitech\/#website\",\"url\":\"https:\/\/www.hitech.fi\/hitech\/\",\"name\":\"Hitech Chemicals\",\"description\":\"Puhdistusaineet ja huoltotuotteet\",\"publisher\":{\"@id\":\"https:\/\/www.hitech.fi\/hitech\/#organization\"},\"potentialAction\":[{\"@type\":\"SearchAction\",\"target\":{\"@type\":\"EntryPoint\",\"urlTemplate\":\"https:\/\/www.hitech.fi\/hitech\/?s={search_term_string}\"},\"query-input\":{\"@type\":\"PropertyValueSpecification\",\"valueRequired\":true,\"valueName\":\"search_term_string\"}}],\"inLanguage\":\"fi\"},{\"@type\":\"Organization\",\"@id\":\"https:\/\/www.hitech.fi\/hitech\/#organization\",\"name\":\"Hitech Chemicals\",\"alternateName\":\"Hitech\",\"url\":\"https:\/\/www.hitech.fi\/hitech\/\",\"logo\":{\"@type\":\"ImageObject\",\"inLanguage\":\"fi\",\"@id\":\"https:\/\/www.hitech.fi\/hitech\/#\/schema\/logo\/image\/\",\"url\":\"https:\/\/www.hitech.fi\/hitech\/wp-content\/uploads\/2023\/06\/cropped-hitech_logo_600x600.png\",\"contentUrl\":\"https:\/\/www.hitech.fi\/hitech\/wp-content\/uploads\/2023\/06\/cropped-hitech_logo_600x600.png\",\"width\":512,\"height\":512,\"caption\":\"Hitech Chemicals\"},\"image\":{\"@id\":\"https:\/\/www.hitech.fi\/hitech\/#\/schema\/logo\/image\/\"},\"sameAs\":[\"https:\/\/www.facebook.com\/hitechfinland\"]}]}<\/script>\n<!-- \/ Yoast SEO plugin. -->","yoast_head_json":{"title":"TEHO Brake Cleaner+ -jarrujen puhdistusaine | Hitech Chemicals","robots":{"index":"index","follow":"follow","max-snippet":"max-snippet:-1","max-image-preview":"max-image-preview:large","max-video-preview":"max-video-preview:-1"},"canonical":"https:\/\/www.hitech.fi\/hitech\/product\/teho-brake-cleaner-jarrujen-puhdistusaine\/","og_locale":"fi_FI","og_type":"article","og_title":"TEHO Brake Cleaner+ -jarrujen puhdistusaine | Hitech Chemicals","og_description":"TEHO Brake Cleaner on eritt\u00e4in nopea ja tehokas jarrujen puhdistusaerosoli. Erityisesti jarrujen ja kytkinten puhdistukseen suunniteltu aerosoli. Erinomainen liuotin jarrunesteen, \u00f6ljyn, rasvan, karstan, p\u00f6lyn ja metalli j\u00e4\u00e4mien poistoon. Parantaa jarrujen toimintaa poistamalla haitallisen p\u00f6lyn. Poistaa my\u00f6s jarrujen \u201dvinkumisen\u201d.","og_url":"https:\/\/www.hitech.fi\/hitech\/product\/teho-brake-cleaner-jarrujen-puhdistusaine\/","og_site_name":"Hitech Chemicals","article_publisher":"https:\/\/www.facebook.com\/hitechfinland","article_modified_time":"2024-05-10T11:17:32+00:00","og_image":[{"width":1024,"height":1024,"url":"https:\/\/www.hitech.fi\/hitech\/wp-content\/uploads\/2017\/08\/Hires_TEHO_Brake_Cleaner_Plus.jpg","type":"image\/jpeg"}],"twitter_card":"summary_large_image","twitter_misc":{"Arvioitu lukuaika":"1 minuutti"},"schema":{"@context":"https:\/\/schema.org","@graph":[{"@type":"WebPage","@id":"https:\/\/www.hitech.fi\/hitech\/product\/teho-brake-cleaner-jarrujen-puhdistusaine\/","url":"https:\/\/www.hitech.fi\/hitech\/product\/teho-brake-cleaner-jarrujen-puhdistusaine\/","name":"TEHO Brake Cleaner+ -jarrujen puhdistusaine | Hitech Chemicals","isPartOf":{"@id":"https:\/\/www.hitech.fi\/hitech\/#website"},"primaryImageOfPage":{"@id":"https:\/\/www.hitech.fi\/hitech\/product\/teho-brake-cleaner-jarrujen-puhdistusaine\/#primaryimage"},"image":{"@id":"https:\/\/www.hitech.fi\/hitech\/product\/teho-brake-cleaner-jarrujen-puhdistusaine\/#primaryimage"},"thumbnailUrl":"https:\/\/www.hitech.fi\/hitech\/wp-content\/uploads\/2017\/08\/Hires_TEHO_Brake_Cleaner_Plus.jpg","datePublished":"2023-10-18T04:53:38+00:00","dateModified":"2024-05-10T11:17:32+00:00","breadcrumb":{"@id":"https:\/\/www.hitech.fi\/hitech\/product\/teho-brake-cleaner-jarrujen-puhdistusaine\/#breadcrumb"},"inLanguage":"fi","potentialAction":[{"@type":"ReadAction","target":["https:\/\/www.hitech.fi\/hitech\/product\/teho-brake-cleaner-jarrujen-puhdistusaine\/"]}]},{"@type":"ImageObject","inLanguage":"fi","@id":"https:\/\/www.hitech.fi\/hitech\/product\/teho-brake-cleaner-jarrujen-puhdistusaine\/#primaryimage","url":"https:\/\/www.hitech.fi\/hitech\/wp-content\/uploads\/2017\/08\/Hires_TEHO_Brake_Cleaner_Plus.jpg","contentUrl":"https:\/\/www.hitech.fi\/hitech\/wp-content\/uploads\/2017\/08\/Hires_TEHO_Brake_Cleaner_Plus.jpg","width":1024,"height":1024,"caption":"TEHO Brake Cleaner+ -jarrujen puhdistusaine"},{"@type":"BreadcrumbList","@id":"https:\/\/www.hitech.fi\/hitech\/product\/teho-brake-cleaner-jarrujen-puhdistusaine\/#breadcrumb","itemListElement":[{"@type":"ListItem","position":1,"name":"Etusivu","item":"https:\/\/www.hitech.fi\/hitech\/"},{"@type":"ListItem","position":2,"name":"Katalogi","item":"https:\/\/www.hitech.fi\/hitech\/katalogi\/"},{"@type":"ListItem","position":3,"name":"TEHO Brake Cleaner+ -jarrujen puhdistusaine"}]},{"@type":"WebSite","@id":"https:\/\/www.hitech.fi\/hitech\/#website","url":"https:\/\/www.hitech.fi\/hitech\/","name":"Hitech Chemicals","description":"Puhdistusaineet ja huoltotuotteet","publisher":{"@id":"https:\/\/www.hitech.fi\/hitech\/#organization"},"potentialAction":[{"@type":"SearchAction","target":{"@type":"EntryPoint","urlTemplate":"https:\/\/www.hitech.fi\/hitech\/?s={search_term_string}"},"query-input":{"@type":"PropertyValueSpecification","valueRequired":true,"valueName":"search_term_string"}}],"inLanguage":"fi"},{"@type":"Organization","@id":"https:\/\/www.hitech.fi\/hitech\/#organization","name":"Hitech Chemicals","alternateName":"Hitech","url":"https:\/\/www.hitech.fi\/hitech\/","logo":{"@type":"ImageObject","inLanguage":"fi","@id":"https:\/\/www.hitech.fi\/hitech\/#\/schema\/logo\/image\/","url":"https:\/\/www.hitech.fi\/hitech\/wp-content\/uploads\/2023\/06\/cropped-hitech_logo_600x600.png","contentUrl":"https:\/\/www.hitech.fi\/hitech\/wp-content\/uploads\/2023\/06\/cropped-hitech_logo_600x600.png","width":512,"height":512,"caption":"Hitech Chemicals"},"image":{"@id":"https:\/\/www.hitech.fi\/hitech\/#\/schema\/logo\/image\/"},"sameAs":["https:\/\/www.facebook.com\/hitechfinland"]}]}},"_links":{"self":[{"href":"https:\/\/www.hitech.fi\/hitech\/wp-json\/wp\/v2\/product\/799","targetHints":{"allow":["GET"]}}],"collection":[{"href":"https:\/\/www.hitech.fi\/hitech\/wp-json\/wp\/v2\/product"}],"about":[{"href":"https:\/\/www.hitech.fi\/hitech\/wp-json\/wp\/v2\/types\/product"}],"replies":[{"embeddable":true,"href":"https:\/\/www.hitech.fi\/hitech\/wp-json\/wp\/v2\/comments?post=799"}],"wp:featuredmedia":[{"embeddable":true,"href":"https:\/\/www.hitech.fi\/hitech\/wp-json\/wp\/v2\/media\/360"}],"wp:attachment":[{"href":"https:\/\/www.hitech.fi\/hitech\/wp-json\/wp\/v2\/media?parent=799"}],"wp:term":[{"taxonomy":"product_brand","embeddable":true,"href":"https:\/\/www.hitech.fi\/hitech\/wp-json\/wp\/v2\/product_brand?post=799"},{"taxonomy":"product_cat","embeddable":true,"href":"https:\/\/www.hitech.fi\/hitech\/wp-json\/wp\/v2\/product_cat?post=799"},{"taxonomy":"product_tag","embeddable":true,"href":"https:\/\/www.hitech.fi\/hitech\/wp-json\/wp\/v2\/product_tag?post=799"}],"curies":[{"name":"wp","href":"https:\/\/api.w.org\/{rel}","templated":true}]}}