{"id":782,"date":"2023-10-17T13:08:26","date_gmt":"2023-10-17T10:08:26","guid":{"rendered":"https:\/\/www.hitech.fi\/hitech\/?post_type=product&#038;p=782"},"modified":"2024-05-10T14:26:57","modified_gmt":"2024-05-10T11:26:57","slug":"teho-maalinpoistaja-liuotinaerosoli","status":"publish","type":"product","link":"https:\/\/www.hitech.fi\/hitech\/product\/teho-maalinpoistaja-liuotinaerosoli\/","title":{"rendered":"TEHO Maalinpoistaja -liuotinaerosoli"},"content":{"rendered":"<p><strong>Eritt\u00e4in tehokas maalin, lakan, tarrojen ja tiivisteiden poisto aerosoli. TEHO Maalinpoistaja sis\u00e4lt\u00e4\u00e4 voimakkaan seoksen kloorattuja liuottimia, em\u00e4ksisen amiini-alkoholi aktivointi j\u00e4rjestelm\u00e4n, haihtumisen hidastajia sek\u00e4 emulsioita.<\/p>\n<p><\/strong><\/p>\n<p>Tarttuu eritt\u00e4in hyvin erilaisille ja pystysuorille pinnoille.<\/p>\n<ul>\n<li>TEHO Maalinpoistaja poistaa tehokkaasti useimmat emali, alkyyli, akryli, epoksi, vinyyli, polyuretaani ja \u00f6ljypohjaiset maalit sek\u00e4 lakat<\/li>\n<li>Pehmitt\u00e4\u00e4 nopeasti vinyylitarrat. Tarrat voidaan poistaa helposti kevyesti raaputtamalla.<\/li>\n<li>Irrottaa nopeasti juuttuneet tiivisteet. Liuottaa ja poistaa useimmat tiivisteliimat.<\/li>\n<li>Voidaan k\u00e4ytt\u00e4\u00e4 turvallisesti useimmille metalleille, kuten raudalle, ruostumattomalle ter\u00e4kselle, kuparille, alumiinille ja messingille. TEHO Maalinpoistaja sopii my\u00f6s puupintojen maalinpoistoon.<\/li>\n<li>Huuhtoutuu helposti vedell\u00e4 tai liuottimella<\/li>\n<li>K\u00e4tev\u00e4 aerosolipakkaus poistaa sekoitustarpeen, aina oikea annostus<\/li>\n<\/ul>\n<p><strong><br \/>\n<\/strong><strong>HUOM. AMMATTIK\u00c4YTT\u00d6\u00d6N!<\/strong><\/p>\n<p><strong>K\u00c4YTT\u00d6OHJE:<\/strong><\/p>\n<ul>\n<li>Suihkuta k\u00e4sitelt\u00e4v\u00e4\u00e4n kohteeseen<\/li>\n<li>Pinttyneen aineen ollessa kyseess\u00e4 anna vaikuttaa 15-30 min<\/li>\n<li>Pyyhi tai kaavi irronnut aine<\/li>\n<li>Huuhtele pinta vedell\u00e4 tai liuotinaineella<\/li>\n<\/ul>\n<p>Tuotenumero: 5104<\/p>\n<p>Tuote on pakattu aerosolipulloon, jonka nettotilavuus on 500ml. Myyntier\u00e4 on yksi (1) laatikko, joka sis\u00e4lt\u00e4\u00e4 12 pulloa. Vain ammattik\u00e4ytt\u00f6\u00f6n.<\/p>\n","protected":false},"excerpt":{"rendered":"<p>Eritt\u00e4in tehokas maalin, lakan, tarrojen ja tiivisteiden poistoaerosoli. <strong>TEHO Maalinpoistaja<\/strong> sis\u00e4lt\u00e4\u00e4 voimakkaan seoksen kloorattuja liuottimia, em\u00e4ksisen amiini-alkoholi aktivointi j\u00e4rjestelm\u00e4n, haihtumisen hidastajia sek\u00e4 emulsioita.<\/p>\n[maxbutton id=\"2\" url=\"https:\/\/www.hitech.fi\/hitech\/wp-content\/uploads\/2023\/12\/TEHO_Maalinpoistaja_web.pdf\" text=\"Lataa tuotekortti\" window=\"new\" ]\n","protected":false},"featured_media":482,"comment_status":"closed","ping_status":"closed","template":"","meta":[],"product_brand":[],"product_cat":[95,138,112,133],"product_tag":[],"class_list":{"0":"post-782","1":"product","2":"type-product","3":"status-publish","4":"has-post-thumbnail","6":"product_cat-aerosolit-ja-sprayt","7":"product_cat-kiinteistohuolto","8":"product_cat-puhdistus","9":"product_cat-toimialat","11":"first","12":"instock","13":"shipping-taxable","14":"product-type-simple"},"yoast_head":"<!-- This site is optimized with the Yoast SEO plugin v24.3 - https:\/\/yoast.com\/wordpress\/plugins\/seo\/ -->\n<title>TEHO Maalinpoistaja -liuotinaerosoli | Hitech Chemicals<\/title>\n<meta name=\"robots\" content=\"index, follow, max-snippet:-1, max-image-preview:large, max-video-preview:-1\" \/>\n<link rel=\"canonical\" href=\"https:\/\/www.hitech.fi\/hitech\/product\/teho-maalinpoistaja-liuotinaerosoli\/\" \/>\n<meta property=\"og:locale\" content=\"fi_FI\" \/>\n<meta property=\"og:type\" content=\"article\" \/>\n<meta property=\"og:title\" content=\"TEHO Maalinpoistaja -liuotinaerosoli | Hitech Chemicals\" \/>\n<meta property=\"og:description\" content=\"Eritt\u00e4in tehokas maalin, lakan, tarrojen ja tiivisteiden poistoaerosoli. TEHO Maalinpoistaja sis\u00e4lt\u00e4\u00e4 voimakkaan seoksen kloorattuja liuottimia, em\u00e4ksisen amiini-alkoholi aktivointi j\u00e4rjestelm\u00e4n, haihtumisen hidastajia sek\u00e4 emulsioita.\" \/>\n<meta property=\"og:url\" content=\"https:\/\/www.hitech.fi\/hitech\/product\/teho-maalinpoistaja-liuotinaerosoli\/\" \/>\n<meta property=\"og:site_name\" content=\"Hitech Chemicals\" \/>\n<meta property=\"article:publisher\" content=\"https:\/\/www.facebook.com\/hitechfinland\" \/>\n<meta property=\"article:modified_time\" content=\"2024-05-10T11:26:57+00:00\" \/>\n<meta property=\"og:image\" content=\"https:\/\/www.hitech.fi\/hitech\/wp-content\/uploads\/2018\/11\/hires_TEHO_Maalinpoistaja_v2.jpg\" \/>\n\t<meta property=\"og:image:width\" content=\"1024\" \/>\n\t<meta property=\"og:image:height\" content=\"1024\" \/>\n\t<meta property=\"og:image:type\" content=\"image\/jpeg\" \/>\n<meta name=\"twitter:card\" content=\"summary_large_image\" \/>\n<meta name=\"twitter:label1\" content=\"Arvioitu lukuaika\" \/>\n\t<meta name=\"twitter:data1\" content=\"1 minuutti\" \/>\n<script type=\"application\/ld+json\" class=\"yoast-schema-graph\">{\"@context\":\"https:\/\/schema.org\",\"@graph\":[{\"@type\":\"WebPage\",\"@id\":\"https:\/\/www.hitech.fi\/hitech\/product\/teho-maalinpoistaja-liuotinaerosoli\/\",\"url\":\"https:\/\/www.hitech.fi\/hitech\/product\/teho-maalinpoistaja-liuotinaerosoli\/\",\"name\":\"TEHO Maalinpoistaja -liuotinaerosoli | Hitech Chemicals\",\"isPartOf\":{\"@id\":\"https:\/\/www.hitech.fi\/hitech\/#website\"},\"primaryImageOfPage\":{\"@id\":\"https:\/\/www.hitech.fi\/hitech\/product\/teho-maalinpoistaja-liuotinaerosoli\/#primaryimage\"},\"image\":{\"@id\":\"https:\/\/www.hitech.fi\/hitech\/product\/teho-maalinpoistaja-liuotinaerosoli\/#primaryimage\"},\"thumbnailUrl\":\"https:\/\/www.hitech.fi\/hitech\/wp-content\/uploads\/2018\/11\/hires_TEHO_Maalinpoistaja_v2.jpg\",\"datePublished\":\"2023-10-17T10:08:26+00:00\",\"dateModified\":\"2024-05-10T11:26:57+00:00\",\"breadcrumb\":{\"@id\":\"https:\/\/www.hitech.fi\/hitech\/product\/teho-maalinpoistaja-liuotinaerosoli\/#breadcrumb\"},\"inLanguage\":\"fi\",\"potentialAction\":[{\"@type\":\"ReadAction\",\"target\":[\"https:\/\/www.hitech.fi\/hitech\/product\/teho-maalinpoistaja-liuotinaerosoli\/\"]}]},{\"@type\":\"ImageObject\",\"inLanguage\":\"fi\",\"@id\":\"https:\/\/www.hitech.fi\/hitech\/product\/teho-maalinpoistaja-liuotinaerosoli\/#primaryimage\",\"url\":\"https:\/\/www.hitech.fi\/hitech\/wp-content\/uploads\/2018\/11\/hires_TEHO_Maalinpoistaja_v2.jpg\",\"contentUrl\":\"https:\/\/www.hitech.fi\/hitech\/wp-content\/uploads\/2018\/11\/hires_TEHO_Maalinpoistaja_v2.jpg\",\"width\":1024,\"height\":1024,\"caption\":\"TEHO Maalinpoistaja aerosoli\"},{\"@type\":\"BreadcrumbList\",\"@id\":\"https:\/\/www.hitech.fi\/hitech\/product\/teho-maalinpoistaja-liuotinaerosoli\/#breadcrumb\",\"itemListElement\":[{\"@type\":\"ListItem\",\"position\":1,\"name\":\"Etusivu\",\"item\":\"https:\/\/www.hitech.fi\/hitech\/\"},{\"@type\":\"ListItem\",\"position\":2,\"name\":\"Katalogi\",\"item\":\"https:\/\/www.hitech.fi\/hitech\/katalogi\/\"},{\"@type\":\"ListItem\",\"position\":3,\"name\":\"TEHO Maalinpoistaja -liuotinaerosoli\"}]},{\"@type\":\"WebSite\",\"@id\":\"https:\/\/www.hitech.fi\/hitech\/#website\",\"url\":\"https:\/\/www.hitech.fi\/hitech\/\",\"name\":\"Hitech Chemicals\",\"description\":\"Puhdistusaineet ja huoltotuotteet\",\"publisher\":{\"@id\":\"https:\/\/www.hitech.fi\/hitech\/#organization\"},\"potentialAction\":[{\"@type\":\"SearchAction\",\"target\":{\"@type\":\"EntryPoint\",\"urlTemplate\":\"https:\/\/www.hitech.fi\/hitech\/?s={search_term_string}\"},\"query-input\":{\"@type\":\"PropertyValueSpecification\",\"valueRequired\":true,\"valueName\":\"search_term_string\"}}],\"inLanguage\":\"fi\"},{\"@type\":\"Organization\",\"@id\":\"https:\/\/www.hitech.fi\/hitech\/#organization\",\"name\":\"Hitech Chemicals\",\"alternateName\":\"Hitech\",\"url\":\"https:\/\/www.hitech.fi\/hitech\/\",\"logo\":{\"@type\":\"ImageObject\",\"inLanguage\":\"fi\",\"@id\":\"https:\/\/www.hitech.fi\/hitech\/#\/schema\/logo\/image\/\",\"url\":\"https:\/\/www.hitech.fi\/hitech\/wp-content\/uploads\/2023\/06\/cropped-hitech_logo_600x600.png\",\"contentUrl\":\"https:\/\/www.hitech.fi\/hitech\/wp-content\/uploads\/2023\/06\/cropped-hitech_logo_600x600.png\",\"width\":512,\"height\":512,\"caption\":\"Hitech Chemicals\"},\"image\":{\"@id\":\"https:\/\/www.hitech.fi\/hitech\/#\/schema\/logo\/image\/\"},\"sameAs\":[\"https:\/\/www.facebook.com\/hitechfinland\"]}]}<\/script>\n<!-- \/ Yoast SEO plugin. -->","yoast_head_json":{"title":"TEHO Maalinpoistaja -liuotinaerosoli | Hitech Chemicals","robots":{"index":"index","follow":"follow","max-snippet":"max-snippet:-1","max-image-preview":"max-image-preview:large","max-video-preview":"max-video-preview:-1"},"canonical":"https:\/\/www.hitech.fi\/hitech\/product\/teho-maalinpoistaja-liuotinaerosoli\/","og_locale":"fi_FI","og_type":"article","og_title":"TEHO Maalinpoistaja -liuotinaerosoli | Hitech Chemicals","og_description":"Eritt\u00e4in tehokas maalin, lakan, tarrojen ja tiivisteiden poistoaerosoli. TEHO Maalinpoistaja sis\u00e4lt\u00e4\u00e4 voimakkaan seoksen kloorattuja liuottimia, em\u00e4ksisen amiini-alkoholi aktivointi j\u00e4rjestelm\u00e4n, haihtumisen hidastajia sek\u00e4 emulsioita.","og_url":"https:\/\/www.hitech.fi\/hitech\/product\/teho-maalinpoistaja-liuotinaerosoli\/","og_site_name":"Hitech Chemicals","article_publisher":"https:\/\/www.facebook.com\/hitechfinland","article_modified_time":"2024-05-10T11:26:57+00:00","og_image":[{"width":1024,"height":1024,"url":"https:\/\/www.hitech.fi\/hitech\/wp-content\/uploads\/2018\/11\/hires_TEHO_Maalinpoistaja_v2.jpg","type":"image\/jpeg"}],"twitter_card":"summary_large_image","twitter_misc":{"Arvioitu lukuaika":"1 minuutti"},"schema":{"@context":"https:\/\/schema.org","@graph":[{"@type":"WebPage","@id":"https:\/\/www.hitech.fi\/hitech\/product\/teho-maalinpoistaja-liuotinaerosoli\/","url":"https:\/\/www.hitech.fi\/hitech\/product\/teho-maalinpoistaja-liuotinaerosoli\/","name":"TEHO Maalinpoistaja -liuotinaerosoli | Hitech Chemicals","isPartOf":{"@id":"https:\/\/www.hitech.fi\/hitech\/#website"},"primaryImageOfPage":{"@id":"https:\/\/www.hitech.fi\/hitech\/product\/teho-maalinpoistaja-liuotinaerosoli\/#primaryimage"},"image":{"@id":"https:\/\/www.hitech.fi\/hitech\/product\/teho-maalinpoistaja-liuotinaerosoli\/#primaryimage"},"thumbnailUrl":"https:\/\/www.hitech.fi\/hitech\/wp-content\/uploads\/2018\/11\/hires_TEHO_Maalinpoistaja_v2.jpg","datePublished":"2023-10-17T10:08:26+00:00","dateModified":"2024-05-10T11:26:57+00:00","breadcrumb":{"@id":"https:\/\/www.hitech.fi\/hitech\/product\/teho-maalinpoistaja-liuotinaerosoli\/#breadcrumb"},"inLanguage":"fi","potentialAction":[{"@type":"ReadAction","target":["https:\/\/www.hitech.fi\/hitech\/product\/teho-maalinpoistaja-liuotinaerosoli\/"]}]},{"@type":"ImageObject","inLanguage":"fi","@id":"https:\/\/www.hitech.fi\/hitech\/product\/teho-maalinpoistaja-liuotinaerosoli\/#primaryimage","url":"https:\/\/www.hitech.fi\/hitech\/wp-content\/uploads\/2018\/11\/hires_TEHO_Maalinpoistaja_v2.jpg","contentUrl":"https:\/\/www.hitech.fi\/hitech\/wp-content\/uploads\/2018\/11\/hires_TEHO_Maalinpoistaja_v2.jpg","width":1024,"height":1024,"caption":"TEHO Maalinpoistaja aerosoli"},{"@type":"BreadcrumbList","@id":"https:\/\/www.hitech.fi\/hitech\/product\/teho-maalinpoistaja-liuotinaerosoli\/#breadcrumb","itemListElement":[{"@type":"ListItem","position":1,"name":"Etusivu","item":"https:\/\/www.hitech.fi\/hitech\/"},{"@type":"ListItem","position":2,"name":"Katalogi","item":"https:\/\/www.hitech.fi\/hitech\/katalogi\/"},{"@type":"ListItem","position":3,"name":"TEHO Maalinpoistaja -liuotinaerosoli"}]},{"@type":"WebSite","@id":"https:\/\/www.hitech.fi\/hitech\/#website","url":"https:\/\/www.hitech.fi\/hitech\/","name":"Hitech Chemicals","description":"Puhdistusaineet ja huoltotuotteet","publisher":{"@id":"https:\/\/www.hitech.fi\/hitech\/#organization"},"potentialAction":[{"@type":"SearchAction","target":{"@type":"EntryPoint","urlTemplate":"https:\/\/www.hitech.fi\/hitech\/?s={search_term_string}"},"query-input":{"@type":"PropertyValueSpecification","valueRequired":true,"valueName":"search_term_string"}}],"inLanguage":"fi"},{"@type":"Organization","@id":"https:\/\/www.hitech.fi\/hitech\/#organization","name":"Hitech Chemicals","alternateName":"Hitech","url":"https:\/\/www.hitech.fi\/hitech\/","logo":{"@type":"ImageObject","inLanguage":"fi","@id":"https:\/\/www.hitech.fi\/hitech\/#\/schema\/logo\/image\/","url":"https:\/\/www.hitech.fi\/hitech\/wp-content\/uploads\/2023\/06\/cropped-hitech_logo_600x600.png","contentUrl":"https:\/\/www.hitech.fi\/hitech\/wp-content\/uploads\/2023\/06\/cropped-hitech_logo_600x600.png","width":512,"height":512,"caption":"Hitech Chemicals"},"image":{"@id":"https:\/\/www.hitech.fi\/hitech\/#\/schema\/logo\/image\/"},"sameAs":["https:\/\/www.facebook.com\/hitechfinland"]}]}},"_links":{"self":[{"href":"https:\/\/www.hitech.fi\/hitech\/wp-json\/wp\/v2\/product\/782","targetHints":{"allow":["GET"]}}],"collection":[{"href":"https:\/\/www.hitech.fi\/hitech\/wp-json\/wp\/v2\/product"}],"about":[{"href":"https:\/\/www.hitech.fi\/hitech\/wp-json\/wp\/v2\/types\/product"}],"replies":[{"embeddable":true,"href":"https:\/\/www.hitech.fi\/hitech\/wp-json\/wp\/v2\/comments?post=782"}],"wp:featuredmedia":[{"embeddable":true,"href":"https:\/\/www.hitech.fi\/hitech\/wp-json\/wp\/v2\/media\/482"}],"wp:attachment":[{"href":"https:\/\/www.hitech.fi\/hitech\/wp-json\/wp\/v2\/media?parent=782"}],"wp:term":[{"taxonomy":"product_brand","embeddable":true,"href":"https:\/\/www.hitech.fi\/hitech\/wp-json\/wp\/v2\/product_brand?post=782"},{"taxonomy":"product_cat","embeddable":true,"href":"https:\/\/www.hitech.fi\/hitech\/wp-json\/wp\/v2\/product_cat?post=782"},{"taxonomy":"product_tag","embeddable":true,"href":"https:\/\/www.hitech.fi\/hitech\/wp-json\/wp\/v2\/product_tag?post=782"}],"curies":[{"name":"wp","href":"https:\/\/api.w.org\/{rel}","templated":true}]}}