{"id":776,"date":"2023-10-17T12:28:04","date_gmt":"2023-10-17T09:28:04","guid":{"rendered":"https:\/\/www.hitech.fi\/hitech\/?post_type=product&#038;p=776"},"modified":"2024-05-10T14:29:54","modified_gmt":"2024-05-10T11:29:54","slug":"teho-jaansulattaja-aerosoli","status":"publish","type":"product","link":"https:\/\/www.hitech.fi\/hitech\/product\/teho-jaansulattaja-aerosoli\/","title":{"rendered":"TEHO J\u00e4\u00e4nsulattaja -aerosoli"},"content":{"rendered":"<p><strong>Tehokas k\u00e4ytt\u00f6valmis j\u00e4\u00e4nsulatusaine tuulilaseille, lukoille, peileille ja saranoille.<\/strong><\/p>\n<p>TEHO J\u00e4\u00e4nsulattaja on tehokas k\u00e4ytt\u00f6valmis j\u00e4\u00e4nsulatusaerosoli, joka sulattaa v\u00e4litt\u00f6m\u00e4sti ajoneuvojen tuulilasit, lukot, peilit ja saranat.<\/p>\n<p>V\u00e4hent\u00e4\u00e4 ikkunakaapimen (skrapa) k\u00e4ytt\u00f6\u00e4 ja n\u00e4in ollen v\u00e4hent\u00e4\u00e4 ikkunoiden naarmuuntumista. Ennaltaehk\u00e4isee k\u00e4siteltyjen pintojen uudelleen j\u00e4\u00e4tymist\u00e4. Ei j\u00e4t\u00e4 h\u00e4iritsev\u00e4\u00e4 kalvoa tuulilasiin. Helppo pest\u00e4 pois normaalilla tuulilasinpesunesteell\u00e4. Ei vahingoita kumi-, muovi- tai maalattujapintoja.<\/p>\n<p>Kapea aerosolipullo on helppo sijoittaa esim. ajoneuvon ovitaskuun\/koteloon.<\/p>\n<p><strong><br \/>\nHUOM. AMMATTIK\u00c4YTT\u00d6\u00d6N!<\/strong><\/p>\n<p><strong>K\u00c4YTT\u00d6OHJE:<\/strong><strong>\u00a0<\/strong><\/p>\n<ol>\n<li>Poista kohteesta irtoava lumi harjalla.<\/li>\n<li>K\u00e4ynnist\u00e4 auto l\u00e4mpenem\u00e4\u00e4n.<\/li>\n<li>Ruiskuta tuotetta tuulilasille ja anna vaikuttaa v\u00e4hint\u00e4\u00e4n minuutin ajan.<\/li>\n<li>Vaikutusajan j\u00e4lkeen tuulilasista sulanut j\u00e4\u00e4sohjo on helppo poistaa k\u00e4ynnist\u00e4m\u00e4ll\u00e4 tuulilasinpyyhkimet. K\u00e4yt\u00e4 tarvittaessa lumiharjaa tai ikkunakaavinta.<\/li>\n<li>HUOM! Varmista, ett\u00e4 n\u00e4kyvyys on hyv\u00e4 kaikkiin suuntiin ennen ajoneuvolla liikenteeseen l\u00e4ht\u00f6\u00e4.<\/li>\n<\/ol>\n<p>Tuotenumero: 5092<\/p>\n<p>Tuote on pakattu aerosolipulloon, jonka nettotilavuus on 400ml. Myyntier\u00e4 on yksi (1) laatikko, joka sis\u00e4lt\u00e4\u00e4 12 pulloa. Ammattik\u00e4ytt\u00f6\u00f6n.<\/p>\n","protected":false},"excerpt":{"rendered":"<p><strong>TEHO J\u00e4\u00e4nsulattaja<\/strong> on tehokas k\u00e4ytt\u00f6valmis j\u00e4\u00e4nsulatusaerosoli, joka sulattaa v\u00e4litt\u00f6m\u00e4sti ajoneuvojen tuulilasit, lukot, peilit ja saranat.<\/p>\n[maxbutton id=\"2\" url=\"https:\/\/www.hitech.fi\/hitech\/wp-content\/uploads\/2023\/12\/TEHO_Jaansulattaja_520ml_web.pdf\" text=\"Lataa tuotekortti\" window=\"new\" ]\n","protected":false},"featured_media":425,"comment_status":"closed","ping_status":"closed","template":"","meta":[],"product_brand":[],"product_cat":[95,97,127,134,138,112,133],"product_tag":[],"class_list":{"0":"post-776","1":"product","2":"type-product","3":"status-publish","4":"has-post-thumbnail","6":"product_cat-aerosolit-ja-sprayt","7":"product_cat-huoltokemikaalit","8":"product_cat-jaansulatus-ja-ehkaisy","9":"product_cat-kalusto-ja-ajoneuvot","10":"product_cat-kiinteistohuolto","11":"product_cat-puhdistus","12":"product_cat-toimialat","14":"first","15":"instock","16":"shipping-taxable","17":"product-type-simple"},"yoast_head":"<!-- This site is optimized with the Yoast SEO plugin v24.3 - https:\/\/yoast.com\/wordpress\/plugins\/seo\/ -->\n<title>TEHO J\u00e4\u00e4nsulattaja -aerosoli | Hitech Chemicals<\/title>\n<meta name=\"robots\" content=\"index, follow, max-snippet:-1, max-image-preview:large, max-video-preview:-1\" \/>\n<link rel=\"canonical\" href=\"https:\/\/www.hitech.fi\/hitech\/product\/teho-jaansulattaja-aerosoli\/\" \/>\n<meta property=\"og:locale\" content=\"fi_FI\" \/>\n<meta property=\"og:type\" content=\"article\" \/>\n<meta property=\"og:title\" content=\"TEHO J\u00e4\u00e4nsulattaja -aerosoli | Hitech Chemicals\" \/>\n<meta property=\"og:description\" content=\"TEHO J\u00e4\u00e4nsulattaja on tehokas k\u00e4ytt\u00f6valmis j\u00e4\u00e4nsulatusaerosoli, joka sulattaa v\u00e4litt\u00f6m\u00e4sti ajoneuvojen tuulilasit, lukot, peilit ja saranat.\" \/>\n<meta property=\"og:url\" content=\"https:\/\/www.hitech.fi\/hitech\/product\/teho-jaansulattaja-aerosoli\/\" \/>\n<meta property=\"og:site_name\" content=\"Hitech Chemicals\" \/>\n<meta property=\"article:publisher\" content=\"https:\/\/www.facebook.com\/hitechfinland\" \/>\n<meta property=\"article:modified_time\" content=\"2024-05-10T11:29:54+00:00\" \/>\n<meta property=\"og:image\" content=\"https:\/\/www.hitech.fi\/hitech\/wp-content\/uploads\/2018\/01\/Hires_TEHO_J\u00e4\u00e4nsulattaja.jpg\" \/>\n\t<meta property=\"og:image:width\" content=\"1024\" \/>\n\t<meta property=\"og:image:height\" content=\"1024\" \/>\n\t<meta property=\"og:image:type\" content=\"image\/jpeg\" \/>\n<meta name=\"twitter:card\" content=\"summary_large_image\" \/>\n<meta name=\"twitter:label1\" content=\"Arvioitu lukuaika\" \/>\n\t<meta name=\"twitter:data1\" content=\"1 minuutti\" \/>\n<script type=\"application\/ld+json\" class=\"yoast-schema-graph\">{\"@context\":\"https:\/\/schema.org\",\"@graph\":[{\"@type\":\"WebPage\",\"@id\":\"https:\/\/www.hitech.fi\/hitech\/product\/teho-jaansulattaja-aerosoli\/\",\"url\":\"https:\/\/www.hitech.fi\/hitech\/product\/teho-jaansulattaja-aerosoli\/\",\"name\":\"TEHO J\u00e4\u00e4nsulattaja -aerosoli | Hitech Chemicals\",\"isPartOf\":{\"@id\":\"https:\/\/www.hitech.fi\/hitech\/#website\"},\"primaryImageOfPage\":{\"@id\":\"https:\/\/www.hitech.fi\/hitech\/product\/teho-jaansulattaja-aerosoli\/#primaryimage\"},\"image\":{\"@id\":\"https:\/\/www.hitech.fi\/hitech\/product\/teho-jaansulattaja-aerosoli\/#primaryimage\"},\"thumbnailUrl\":\"https:\/\/www.hitech.fi\/hitech\/wp-content\/uploads\/2018\/01\/Hires_TEHO_J\u00e4\u00e4nsulattaja.jpg\",\"datePublished\":\"2023-10-17T09:28:04+00:00\",\"dateModified\":\"2024-05-10T11:29:54+00:00\",\"breadcrumb\":{\"@id\":\"https:\/\/www.hitech.fi\/hitech\/product\/teho-jaansulattaja-aerosoli\/#breadcrumb\"},\"inLanguage\":\"fi\",\"potentialAction\":[{\"@type\":\"ReadAction\",\"target\":[\"https:\/\/www.hitech.fi\/hitech\/product\/teho-jaansulattaja-aerosoli\/\"]}]},{\"@type\":\"ImageObject\",\"inLanguage\":\"fi\",\"@id\":\"https:\/\/www.hitech.fi\/hitech\/product\/teho-jaansulattaja-aerosoli\/#primaryimage\",\"url\":\"https:\/\/www.hitech.fi\/hitech\/wp-content\/uploads\/2018\/01\/Hires_TEHO_J\u00e4\u00e4nsulattaja.jpg\",\"contentUrl\":\"https:\/\/www.hitech.fi\/hitech\/wp-content\/uploads\/2018\/01\/Hires_TEHO_J\u00e4\u00e4nsulattaja.jpg\",\"width\":1024,\"height\":1024,\"caption\":\"TEHO J\u00e4\u00e4nsulattaja -aerosoli\"},{\"@type\":\"BreadcrumbList\",\"@id\":\"https:\/\/www.hitech.fi\/hitech\/product\/teho-jaansulattaja-aerosoli\/#breadcrumb\",\"itemListElement\":[{\"@type\":\"ListItem\",\"position\":1,\"name\":\"Etusivu\",\"item\":\"https:\/\/www.hitech.fi\/hitech\/\"},{\"@type\":\"ListItem\",\"position\":2,\"name\":\"Katalogi\",\"item\":\"https:\/\/www.hitech.fi\/hitech\/katalogi\/\"},{\"@type\":\"ListItem\",\"position\":3,\"name\":\"TEHO J\u00e4\u00e4nsulattaja -aerosoli\"}]},{\"@type\":\"WebSite\",\"@id\":\"https:\/\/www.hitech.fi\/hitech\/#website\",\"url\":\"https:\/\/www.hitech.fi\/hitech\/\",\"name\":\"Hitech Chemicals\",\"description\":\"Puhdistusaineet ja huoltotuotteet\",\"publisher\":{\"@id\":\"https:\/\/www.hitech.fi\/hitech\/#organization\"},\"potentialAction\":[{\"@type\":\"SearchAction\",\"target\":{\"@type\":\"EntryPoint\",\"urlTemplate\":\"https:\/\/www.hitech.fi\/hitech\/?s={search_term_string}\"},\"query-input\":{\"@type\":\"PropertyValueSpecification\",\"valueRequired\":true,\"valueName\":\"search_term_string\"}}],\"inLanguage\":\"fi\"},{\"@type\":\"Organization\",\"@id\":\"https:\/\/www.hitech.fi\/hitech\/#organization\",\"name\":\"Hitech Chemicals\",\"alternateName\":\"Hitech\",\"url\":\"https:\/\/www.hitech.fi\/hitech\/\",\"logo\":{\"@type\":\"ImageObject\",\"inLanguage\":\"fi\",\"@id\":\"https:\/\/www.hitech.fi\/hitech\/#\/schema\/logo\/image\/\",\"url\":\"https:\/\/www.hitech.fi\/hitech\/wp-content\/uploads\/2023\/06\/cropped-hitech_logo_600x600.png\",\"contentUrl\":\"https:\/\/www.hitech.fi\/hitech\/wp-content\/uploads\/2023\/06\/cropped-hitech_logo_600x600.png\",\"width\":512,\"height\":512,\"caption\":\"Hitech Chemicals\"},\"image\":{\"@id\":\"https:\/\/www.hitech.fi\/hitech\/#\/schema\/logo\/image\/\"},\"sameAs\":[\"https:\/\/www.facebook.com\/hitechfinland\"]}]}<\/script>\n<!-- \/ Yoast SEO plugin. -->","yoast_head_json":{"title":"TEHO J\u00e4\u00e4nsulattaja -aerosoli | Hitech Chemicals","robots":{"index":"index","follow":"follow","max-snippet":"max-snippet:-1","max-image-preview":"max-image-preview:large","max-video-preview":"max-video-preview:-1"},"canonical":"https:\/\/www.hitech.fi\/hitech\/product\/teho-jaansulattaja-aerosoli\/","og_locale":"fi_FI","og_type":"article","og_title":"TEHO J\u00e4\u00e4nsulattaja -aerosoli | Hitech Chemicals","og_description":"TEHO J\u00e4\u00e4nsulattaja on tehokas k\u00e4ytt\u00f6valmis j\u00e4\u00e4nsulatusaerosoli, joka sulattaa v\u00e4litt\u00f6m\u00e4sti ajoneuvojen tuulilasit, lukot, peilit ja saranat.","og_url":"https:\/\/www.hitech.fi\/hitech\/product\/teho-jaansulattaja-aerosoli\/","og_site_name":"Hitech Chemicals","article_publisher":"https:\/\/www.facebook.com\/hitechfinland","article_modified_time":"2024-05-10T11:29:54+00:00","og_image":[{"width":1024,"height":1024,"url":"https:\/\/www.hitech.fi\/hitech\/wp-content\/uploads\/2018\/01\/Hires_TEHO_J\u00e4\u00e4nsulattaja.jpg","type":"image\/jpeg"}],"twitter_card":"summary_large_image","twitter_misc":{"Arvioitu lukuaika":"1 minuutti"},"schema":{"@context":"https:\/\/schema.org","@graph":[{"@type":"WebPage","@id":"https:\/\/www.hitech.fi\/hitech\/product\/teho-jaansulattaja-aerosoli\/","url":"https:\/\/www.hitech.fi\/hitech\/product\/teho-jaansulattaja-aerosoli\/","name":"TEHO J\u00e4\u00e4nsulattaja -aerosoli | Hitech Chemicals","isPartOf":{"@id":"https:\/\/www.hitech.fi\/hitech\/#website"},"primaryImageOfPage":{"@id":"https:\/\/www.hitech.fi\/hitech\/product\/teho-jaansulattaja-aerosoli\/#primaryimage"},"image":{"@id":"https:\/\/www.hitech.fi\/hitech\/product\/teho-jaansulattaja-aerosoli\/#primaryimage"},"thumbnailUrl":"https:\/\/www.hitech.fi\/hitech\/wp-content\/uploads\/2018\/01\/Hires_TEHO_J\u00e4\u00e4nsulattaja.jpg","datePublished":"2023-10-17T09:28:04+00:00","dateModified":"2024-05-10T11:29:54+00:00","breadcrumb":{"@id":"https:\/\/www.hitech.fi\/hitech\/product\/teho-jaansulattaja-aerosoli\/#breadcrumb"},"inLanguage":"fi","potentialAction":[{"@type":"ReadAction","target":["https:\/\/www.hitech.fi\/hitech\/product\/teho-jaansulattaja-aerosoli\/"]}]},{"@type":"ImageObject","inLanguage":"fi","@id":"https:\/\/www.hitech.fi\/hitech\/product\/teho-jaansulattaja-aerosoli\/#primaryimage","url":"https:\/\/www.hitech.fi\/hitech\/wp-content\/uploads\/2018\/01\/Hires_TEHO_J\u00e4\u00e4nsulattaja.jpg","contentUrl":"https:\/\/www.hitech.fi\/hitech\/wp-content\/uploads\/2018\/01\/Hires_TEHO_J\u00e4\u00e4nsulattaja.jpg","width":1024,"height":1024,"caption":"TEHO J\u00e4\u00e4nsulattaja -aerosoli"},{"@type":"BreadcrumbList","@id":"https:\/\/www.hitech.fi\/hitech\/product\/teho-jaansulattaja-aerosoli\/#breadcrumb","itemListElement":[{"@type":"ListItem","position":1,"name":"Etusivu","item":"https:\/\/www.hitech.fi\/hitech\/"},{"@type":"ListItem","position":2,"name":"Katalogi","item":"https:\/\/www.hitech.fi\/hitech\/katalogi\/"},{"@type":"ListItem","position":3,"name":"TEHO J\u00e4\u00e4nsulattaja -aerosoli"}]},{"@type":"WebSite","@id":"https:\/\/www.hitech.fi\/hitech\/#website","url":"https:\/\/www.hitech.fi\/hitech\/","name":"Hitech Chemicals","description":"Puhdistusaineet ja huoltotuotteet","publisher":{"@id":"https:\/\/www.hitech.fi\/hitech\/#organization"},"potentialAction":[{"@type":"SearchAction","target":{"@type":"EntryPoint","urlTemplate":"https:\/\/www.hitech.fi\/hitech\/?s={search_term_string}"},"query-input":{"@type":"PropertyValueSpecification","valueRequired":true,"valueName":"search_term_string"}}],"inLanguage":"fi"},{"@type":"Organization","@id":"https:\/\/www.hitech.fi\/hitech\/#organization","name":"Hitech Chemicals","alternateName":"Hitech","url":"https:\/\/www.hitech.fi\/hitech\/","logo":{"@type":"ImageObject","inLanguage":"fi","@id":"https:\/\/www.hitech.fi\/hitech\/#\/schema\/logo\/image\/","url":"https:\/\/www.hitech.fi\/hitech\/wp-content\/uploads\/2023\/06\/cropped-hitech_logo_600x600.png","contentUrl":"https:\/\/www.hitech.fi\/hitech\/wp-content\/uploads\/2023\/06\/cropped-hitech_logo_600x600.png","width":512,"height":512,"caption":"Hitech Chemicals"},"image":{"@id":"https:\/\/www.hitech.fi\/hitech\/#\/schema\/logo\/image\/"},"sameAs":["https:\/\/www.facebook.com\/hitechfinland"]}]}},"_links":{"self":[{"href":"https:\/\/www.hitech.fi\/hitech\/wp-json\/wp\/v2\/product\/776","targetHints":{"allow":["GET"]}}],"collection":[{"href":"https:\/\/www.hitech.fi\/hitech\/wp-json\/wp\/v2\/product"}],"about":[{"href":"https:\/\/www.hitech.fi\/hitech\/wp-json\/wp\/v2\/types\/product"}],"replies":[{"embeddable":true,"href":"https:\/\/www.hitech.fi\/hitech\/wp-json\/wp\/v2\/comments?post=776"}],"wp:featuredmedia":[{"embeddable":true,"href":"https:\/\/www.hitech.fi\/hitech\/wp-json\/wp\/v2\/media\/425"}],"wp:attachment":[{"href":"https:\/\/www.hitech.fi\/hitech\/wp-json\/wp\/v2\/media?parent=776"}],"wp:term":[{"taxonomy":"product_brand","embeddable":true,"href":"https:\/\/www.hitech.fi\/hitech\/wp-json\/wp\/v2\/product_brand?post=776"},{"taxonomy":"product_cat","embeddable":true,"href":"https:\/\/www.hitech.fi\/hitech\/wp-json\/wp\/v2\/product_cat?post=776"},{"taxonomy":"product_tag","embeddable":true,"href":"https:\/\/www.hitech.fi\/hitech\/wp-json\/wp\/v2\/product_tag?post=776"}],"curies":[{"name":"wp","href":"https:\/\/api.w.org\/{rel}","templated":true}]}}