{"id":770,"date":"2023-10-17T12:02:38","date_gmt":"2023-10-17T09:02:38","guid":{"rendered":"https:\/\/www.hitech.fi\/hitech\/?post_type=product&#038;p=770"},"modified":"2024-05-10T14:33:26","modified_gmt":"2024-05-10T11:33:26","slug":"teho-formula-r-t-u-kayttovalmis-puhdistusaine","status":"publish","type":"product","link":"https:\/\/www.hitech.fi\/hitech\/product\/teho-formula-r-t-u-kayttovalmis-puhdistusaine\/","title":{"rendered":"TEHO Formula R.T.U. -k\u00e4ytt\u00f6valmis puhdistusaine"},"content":{"rendered":"<p><strong>TEHO Formula R.T.U. on k\u00e4ytt\u00f6valmis eritt\u00e4in tehokas kaikkien pest\u00e4vien pintojen, monik\u00e4ytt\u00f6inen ja taloudellinen puhdistusaine k\u00e4tev\u00e4ss\u00e4 sumutinpullossa. <\/strong><\/p>\n<p>TEHO Formula R.T.U. ei sis\u00e4ll\u00e4 fosfaatteja, on syttym\u00e4t\u00f6n ja yli 90%:sesti biohajoava. Poistaa tehokkaasti likaa ja rasvaa.<\/p>\n<p>&nbsp;<\/p>\n<p><strong>Ylivoimainen rasvanpoistaja ravintolakeitti\u00f6iss\u00e4 kaikilta kovilta pinnoilta; <\/strong>poistaa rasvaa ja j\u00e4tt\u00e4\u00e4 puhtaan kiilt\u00e4v\u00e4n pinnan.<\/p>\n<p><strong>Tehokas puhdistusaine asennusj\u00e4lkien poistoon <\/strong>esimerkiksi LVI-asennuksissa, kuten ilmastointiventtiilien puhdistuksessa.<\/p>\n<p><strong>Saniteettitilojen tehokas puhditusaine,<\/strong> joka j\u00e4tt\u00e4\u00e4 puhtaan kiilt\u00e4v\u00e4n pinnan.<\/p>\n<p><strong>\u00a0HUOM. AMMATTIK\u00c4YTT\u00d6\u00d6N!<\/strong><\/p>\n<p><strong>K\u00c4YTT\u00d6OHJE:<\/strong><\/p>\n<ol>\n<li>Sumuta puhdistettavalle pinnalle<\/li>\n<li>Pyyhi kostealla sienell\u00e4<\/li>\n<li>Lasipintoja puhdistettaessa pyyhi v\u00e4litt\u00f6m\u00e4sti liinalla v\u00e4ltt\u00e4\u00e4ksesi raitojen muodostumista.<\/li>\n<\/ol>\n<p><strong>Suositellaan k\u00e4ytett\u00e4v\u00e4ksi:<\/strong><\/p>\n<ul>\n<li>Keitti\u00f6iss\u00e4<\/li>\n<li>Kylpyhuoneissa<\/li>\n<li>Kiinteist\u00f6huollossa<\/li>\n<li>Ravintoloissa<\/li>\n<li>Hotelleissa<\/li>\n<li>LVI asennuksissa<\/li>\n<\/ul>\n<p>Tuotenumero: 2452<\/p>\n<p>Tuote on pakattu suihkepulloon, jonka nettotilavuus on 1 l. Myyntier\u00e4 on yksi (1) laatikko, joka sis\u00e4lt\u00e4\u00e4 12 pulloa. Ammattik\u00e4ytt\u00f6\u00f6n.<\/p>\n","protected":false},"excerpt":{"rendered":"<p><strong>TEHO Formula R.T.U. <\/strong>on k\u00e4ytt\u00f6valmis eritt\u00e4in tehokas kaikkien pest\u00e4vien pintojen, monik\u00e4ytt\u00f6inen ja taloudellinen puhdistusaine k\u00e4tev\u00e4ss\u00e4 sumutinpullossa.<\/p>\n[maxbutton id=\"2\" url=\"https:\/\/www.hitech.fi\/hitech\/wp-content\/uploads\/2023\/12\/TEHO_Formula_RTU_1L_web.pdf\" text=\"Lataa tuotekortti\" window=\"new\" ]\n","protected":false},"featured_media":362,"comment_status":"closed","ping_status":"closed","template":"","meta":[],"product_brand":[],"product_cat":[95,147,134,136,138,137,139,112,135,133],"product_tag":[],"class_list":{"0":"post-770","1":"product","2":"type-product","3":"status-publish","4":"has-post-thumbnail","6":"product_cat-aerosolit-ja-sprayt","7":"product_cat-huolto-ja-korjaus","8":"product_cat-kalusto-ja-ajoneuvot","9":"product_cat-keittio-ja-elintarviketeollisuus","10":"product_cat-kiinteistohuolto","11":"product_cat-maatalous","12":"product_cat-metsatalous","13":"product_cat-puhdistus","14":"product_cat-teollisuus","15":"product_cat-toimialat","17":"first","18":"instock","19":"shipping-taxable","20":"product-type-simple"},"yoast_head":"<!-- This site is optimized with the Yoast SEO plugin v24.3 - https:\/\/yoast.com\/wordpress\/plugins\/seo\/ -->\n<title>TEHO Formula R.T.U. -k\u00e4ytt\u00f6valmis puhdistusaine | Hitech Chemicals<\/title>\n<meta name=\"robots\" content=\"index, follow, max-snippet:-1, max-image-preview:large, max-video-preview:-1\" \/>\n<link rel=\"canonical\" href=\"https:\/\/www.hitech.fi\/hitech\/product\/teho-formula-r-t-u-kayttovalmis-puhdistusaine\/\" \/>\n<meta property=\"og:locale\" content=\"fi_FI\" \/>\n<meta property=\"og:type\" content=\"article\" \/>\n<meta property=\"og:title\" content=\"TEHO Formula R.T.U. -k\u00e4ytt\u00f6valmis puhdistusaine | Hitech Chemicals\" \/>\n<meta property=\"og:description\" content=\"TEHO Formula R.T.U. on k\u00e4ytt\u00f6valmis eritt\u00e4in tehokas kaikkien pest\u00e4vien pintojen, monik\u00e4ytt\u00f6inen ja taloudellinen puhdistusaine k\u00e4tev\u00e4ss\u00e4 sumutinpullossa.\" \/>\n<meta property=\"og:url\" content=\"https:\/\/www.hitech.fi\/hitech\/product\/teho-formula-r-t-u-kayttovalmis-puhdistusaine\/\" \/>\n<meta property=\"og:site_name\" content=\"Hitech Chemicals\" \/>\n<meta property=\"article:publisher\" content=\"https:\/\/www.facebook.com\/hitechfinland\" \/>\n<meta property=\"article:modified_time\" content=\"2024-05-10T11:33:26+00:00\" \/>\n<meta property=\"og:image\" content=\"https:\/\/www.hitech.fi\/hitech\/wp-content\/uploads\/2017\/08\/Hires_TEHO_Formula_RTU_uusi.jpg\" \/>\n\t<meta property=\"og:image:width\" content=\"1024\" \/>\n\t<meta property=\"og:image:height\" content=\"1024\" \/>\n\t<meta property=\"og:image:type\" content=\"image\/jpeg\" \/>\n<meta name=\"twitter:card\" content=\"summary_large_image\" \/>\n<meta name=\"twitter:label1\" content=\"Arvioitu lukuaika\" \/>\n\t<meta name=\"twitter:data1\" content=\"1 minuutti\" \/>\n<script type=\"application\/ld+json\" class=\"yoast-schema-graph\">{\"@context\":\"https:\/\/schema.org\",\"@graph\":[{\"@type\":\"WebPage\",\"@id\":\"https:\/\/www.hitech.fi\/hitech\/product\/teho-formula-r-t-u-kayttovalmis-puhdistusaine\/\",\"url\":\"https:\/\/www.hitech.fi\/hitech\/product\/teho-formula-r-t-u-kayttovalmis-puhdistusaine\/\",\"name\":\"TEHO Formula R.T.U. -k\u00e4ytt\u00f6valmis puhdistusaine | Hitech Chemicals\",\"isPartOf\":{\"@id\":\"https:\/\/www.hitech.fi\/hitech\/#website\"},\"primaryImageOfPage\":{\"@id\":\"https:\/\/www.hitech.fi\/hitech\/product\/teho-formula-r-t-u-kayttovalmis-puhdistusaine\/#primaryimage\"},\"image\":{\"@id\":\"https:\/\/www.hitech.fi\/hitech\/product\/teho-formula-r-t-u-kayttovalmis-puhdistusaine\/#primaryimage\"},\"thumbnailUrl\":\"https:\/\/www.hitech.fi\/hitech\/wp-content\/uploads\/2017\/08\/Hires_TEHO_Formula_RTU_uusi.jpg\",\"datePublished\":\"2023-10-17T09:02:38+00:00\",\"dateModified\":\"2024-05-10T11:33:26+00:00\",\"breadcrumb\":{\"@id\":\"https:\/\/www.hitech.fi\/hitech\/product\/teho-formula-r-t-u-kayttovalmis-puhdistusaine\/#breadcrumb\"},\"inLanguage\":\"fi\",\"potentialAction\":[{\"@type\":\"ReadAction\",\"target\":[\"https:\/\/www.hitech.fi\/hitech\/product\/teho-formula-r-t-u-kayttovalmis-puhdistusaine\/\"]}]},{\"@type\":\"ImageObject\",\"inLanguage\":\"fi\",\"@id\":\"https:\/\/www.hitech.fi\/hitech\/product\/teho-formula-r-t-u-kayttovalmis-puhdistusaine\/#primaryimage\",\"url\":\"https:\/\/www.hitech.fi\/hitech\/wp-content\/uploads\/2017\/08\/Hires_TEHO_Formula_RTU_uusi.jpg\",\"contentUrl\":\"https:\/\/www.hitech.fi\/hitech\/wp-content\/uploads\/2017\/08\/Hires_TEHO_Formula_RTU_uusi.jpg\",\"width\":1024,\"height\":1024,\"caption\":\"TEHO Formula R.T.U. -biohajoava k\u00e4ytt\u00f6valmis puhdistusaine\"},{\"@type\":\"BreadcrumbList\",\"@id\":\"https:\/\/www.hitech.fi\/hitech\/product\/teho-formula-r-t-u-kayttovalmis-puhdistusaine\/#breadcrumb\",\"itemListElement\":[{\"@type\":\"ListItem\",\"position\":1,\"name\":\"Etusivu\",\"item\":\"https:\/\/www.hitech.fi\/hitech\/\"},{\"@type\":\"ListItem\",\"position\":2,\"name\":\"Katalogi\",\"item\":\"https:\/\/www.hitech.fi\/hitech\/katalogi\/\"},{\"@type\":\"ListItem\",\"position\":3,\"name\":\"TEHO Formula R.T.U. -k\u00e4ytt\u00f6valmis puhdistusaine\"}]},{\"@type\":\"WebSite\",\"@id\":\"https:\/\/www.hitech.fi\/hitech\/#website\",\"url\":\"https:\/\/www.hitech.fi\/hitech\/\",\"name\":\"Hitech Chemicals\",\"description\":\"Puhdistusaineet ja huoltotuotteet\",\"publisher\":{\"@id\":\"https:\/\/www.hitech.fi\/hitech\/#organization\"},\"potentialAction\":[{\"@type\":\"SearchAction\",\"target\":{\"@type\":\"EntryPoint\",\"urlTemplate\":\"https:\/\/www.hitech.fi\/hitech\/?s={search_term_string}\"},\"query-input\":{\"@type\":\"PropertyValueSpecification\",\"valueRequired\":true,\"valueName\":\"search_term_string\"}}],\"inLanguage\":\"fi\"},{\"@type\":\"Organization\",\"@id\":\"https:\/\/www.hitech.fi\/hitech\/#organization\",\"name\":\"Hitech Chemicals\",\"alternateName\":\"Hitech\",\"url\":\"https:\/\/www.hitech.fi\/hitech\/\",\"logo\":{\"@type\":\"ImageObject\",\"inLanguage\":\"fi\",\"@id\":\"https:\/\/www.hitech.fi\/hitech\/#\/schema\/logo\/image\/\",\"url\":\"https:\/\/www.hitech.fi\/hitech\/wp-content\/uploads\/2023\/06\/cropped-hitech_logo_600x600.png\",\"contentUrl\":\"https:\/\/www.hitech.fi\/hitech\/wp-content\/uploads\/2023\/06\/cropped-hitech_logo_600x600.png\",\"width\":512,\"height\":512,\"caption\":\"Hitech Chemicals\"},\"image\":{\"@id\":\"https:\/\/www.hitech.fi\/hitech\/#\/schema\/logo\/image\/\"},\"sameAs\":[\"https:\/\/www.facebook.com\/hitechfinland\"]}]}<\/script>\n<!-- \/ Yoast SEO plugin. -->","yoast_head_json":{"title":"TEHO Formula R.T.U. -k\u00e4ytt\u00f6valmis puhdistusaine | Hitech Chemicals","robots":{"index":"index","follow":"follow","max-snippet":"max-snippet:-1","max-image-preview":"max-image-preview:large","max-video-preview":"max-video-preview:-1"},"canonical":"https:\/\/www.hitech.fi\/hitech\/product\/teho-formula-r-t-u-kayttovalmis-puhdistusaine\/","og_locale":"fi_FI","og_type":"article","og_title":"TEHO Formula R.T.U. -k\u00e4ytt\u00f6valmis puhdistusaine | Hitech Chemicals","og_description":"TEHO Formula R.T.U. on k\u00e4ytt\u00f6valmis eritt\u00e4in tehokas kaikkien pest\u00e4vien pintojen, monik\u00e4ytt\u00f6inen ja taloudellinen puhdistusaine k\u00e4tev\u00e4ss\u00e4 sumutinpullossa.","og_url":"https:\/\/www.hitech.fi\/hitech\/product\/teho-formula-r-t-u-kayttovalmis-puhdistusaine\/","og_site_name":"Hitech Chemicals","article_publisher":"https:\/\/www.facebook.com\/hitechfinland","article_modified_time":"2024-05-10T11:33:26+00:00","og_image":[{"width":1024,"height":1024,"url":"https:\/\/www.hitech.fi\/hitech\/wp-content\/uploads\/2017\/08\/Hires_TEHO_Formula_RTU_uusi.jpg","type":"image\/jpeg"}],"twitter_card":"summary_large_image","twitter_misc":{"Arvioitu lukuaika":"1 minuutti"},"schema":{"@context":"https:\/\/schema.org","@graph":[{"@type":"WebPage","@id":"https:\/\/www.hitech.fi\/hitech\/product\/teho-formula-r-t-u-kayttovalmis-puhdistusaine\/","url":"https:\/\/www.hitech.fi\/hitech\/product\/teho-formula-r-t-u-kayttovalmis-puhdistusaine\/","name":"TEHO Formula R.T.U. -k\u00e4ytt\u00f6valmis puhdistusaine | Hitech Chemicals","isPartOf":{"@id":"https:\/\/www.hitech.fi\/hitech\/#website"},"primaryImageOfPage":{"@id":"https:\/\/www.hitech.fi\/hitech\/product\/teho-formula-r-t-u-kayttovalmis-puhdistusaine\/#primaryimage"},"image":{"@id":"https:\/\/www.hitech.fi\/hitech\/product\/teho-formula-r-t-u-kayttovalmis-puhdistusaine\/#primaryimage"},"thumbnailUrl":"https:\/\/www.hitech.fi\/hitech\/wp-content\/uploads\/2017\/08\/Hires_TEHO_Formula_RTU_uusi.jpg","datePublished":"2023-10-17T09:02:38+00:00","dateModified":"2024-05-10T11:33:26+00:00","breadcrumb":{"@id":"https:\/\/www.hitech.fi\/hitech\/product\/teho-formula-r-t-u-kayttovalmis-puhdistusaine\/#breadcrumb"},"inLanguage":"fi","potentialAction":[{"@type":"ReadAction","target":["https:\/\/www.hitech.fi\/hitech\/product\/teho-formula-r-t-u-kayttovalmis-puhdistusaine\/"]}]},{"@type":"ImageObject","inLanguage":"fi","@id":"https:\/\/www.hitech.fi\/hitech\/product\/teho-formula-r-t-u-kayttovalmis-puhdistusaine\/#primaryimage","url":"https:\/\/www.hitech.fi\/hitech\/wp-content\/uploads\/2017\/08\/Hires_TEHO_Formula_RTU_uusi.jpg","contentUrl":"https:\/\/www.hitech.fi\/hitech\/wp-content\/uploads\/2017\/08\/Hires_TEHO_Formula_RTU_uusi.jpg","width":1024,"height":1024,"caption":"TEHO Formula R.T.U. -biohajoava k\u00e4ytt\u00f6valmis puhdistusaine"},{"@type":"BreadcrumbList","@id":"https:\/\/www.hitech.fi\/hitech\/product\/teho-formula-r-t-u-kayttovalmis-puhdistusaine\/#breadcrumb","itemListElement":[{"@type":"ListItem","position":1,"name":"Etusivu","item":"https:\/\/www.hitech.fi\/hitech\/"},{"@type":"ListItem","position":2,"name":"Katalogi","item":"https:\/\/www.hitech.fi\/hitech\/katalogi\/"},{"@type":"ListItem","position":3,"name":"TEHO Formula R.T.U. -k\u00e4ytt\u00f6valmis puhdistusaine"}]},{"@type":"WebSite","@id":"https:\/\/www.hitech.fi\/hitech\/#website","url":"https:\/\/www.hitech.fi\/hitech\/","name":"Hitech Chemicals","description":"Puhdistusaineet ja huoltotuotteet","publisher":{"@id":"https:\/\/www.hitech.fi\/hitech\/#organization"},"potentialAction":[{"@type":"SearchAction","target":{"@type":"EntryPoint","urlTemplate":"https:\/\/www.hitech.fi\/hitech\/?s={search_term_string}"},"query-input":{"@type":"PropertyValueSpecification","valueRequired":true,"valueName":"search_term_string"}}],"inLanguage":"fi"},{"@type":"Organization","@id":"https:\/\/www.hitech.fi\/hitech\/#organization","name":"Hitech Chemicals","alternateName":"Hitech","url":"https:\/\/www.hitech.fi\/hitech\/","logo":{"@type":"ImageObject","inLanguage":"fi","@id":"https:\/\/www.hitech.fi\/hitech\/#\/schema\/logo\/image\/","url":"https:\/\/www.hitech.fi\/hitech\/wp-content\/uploads\/2023\/06\/cropped-hitech_logo_600x600.png","contentUrl":"https:\/\/www.hitech.fi\/hitech\/wp-content\/uploads\/2023\/06\/cropped-hitech_logo_600x600.png","width":512,"height":512,"caption":"Hitech Chemicals"},"image":{"@id":"https:\/\/www.hitech.fi\/hitech\/#\/schema\/logo\/image\/"},"sameAs":["https:\/\/www.facebook.com\/hitechfinland"]}]}},"_links":{"self":[{"href":"https:\/\/www.hitech.fi\/hitech\/wp-json\/wp\/v2\/product\/770","targetHints":{"allow":["GET"]}}],"collection":[{"href":"https:\/\/www.hitech.fi\/hitech\/wp-json\/wp\/v2\/product"}],"about":[{"href":"https:\/\/www.hitech.fi\/hitech\/wp-json\/wp\/v2\/types\/product"}],"replies":[{"embeddable":true,"href":"https:\/\/www.hitech.fi\/hitech\/wp-json\/wp\/v2\/comments?post=770"}],"wp:featuredmedia":[{"embeddable":true,"href":"https:\/\/www.hitech.fi\/hitech\/wp-json\/wp\/v2\/media\/362"}],"wp:attachment":[{"href":"https:\/\/www.hitech.fi\/hitech\/wp-json\/wp\/v2\/media?parent=770"}],"wp:term":[{"taxonomy":"product_brand","embeddable":true,"href":"https:\/\/www.hitech.fi\/hitech\/wp-json\/wp\/v2\/product_brand?post=770"},{"taxonomy":"product_cat","embeddable":true,"href":"https:\/\/www.hitech.fi\/hitech\/wp-json\/wp\/v2\/product_cat?post=770"},{"taxonomy":"product_tag","embeddable":true,"href":"https:\/\/www.hitech.fi\/hitech\/wp-json\/wp\/v2\/product_tag?post=770"}],"curies":[{"name":"wp","href":"https:\/\/api.w.org\/{rel}","templated":true}]}}