{"id":756,"date":"2023-10-17T08:38:44","date_gmt":"2023-10-17T05:38:44","guid":{"rendered":"https:\/\/www.hitech.fi\/hitech\/?post_type=product&#038;p=756"},"modified":"2024-05-10T14:40:25","modified_gmt":"2024-05-10T11:40:25","slug":"teho-alkogel-desinfiointigeeli-kasille","status":"publish","type":"product","link":"https:\/\/www.hitech.fi\/hitech\/product\/teho-alkogel-desinfiointigeeli-kasille\/","title":{"rendered":"TEHO Alkogel -desinfiointigeeli k\u00e4sille"},"content":{"rendered":"<p><strong>TEHO Alkogel<\/strong> on tehokas ja k\u00e4ytt\u00f6valmis desinfioiva <strong>k\u00e4sigeeli, joka tuhoaa 99,9% mikrobeista<\/strong> (Biosidi PT1). Tuotteen kosteuttavat aineosat v\u00e4hent\u00e4v\u00e4t k\u00e4sien kuivumista. Denaturoitu etanoli tuhoaa tehokkaasti bakteerit, homeet, sienet, hiivat ja useimmat virukset.<\/p>\n<p>T\u00e4ytt\u00e4\u00e4 Eurooppalaiset standardien asettamat vaatimukset<br \/>\n(EN1500, EN1040, EN1275, EN14476):<\/p>\n<p>\u2022 EN 1500 Hygieeninen ka\u0308sidesinfektio (3 ml, 30 sekuntia)<br \/>\n\u2022 EN 1040 Bakteereja tuhoava perusvaikutus (30 sekuntia)<br \/>\n\u2022 EN 1275 Sieni\u00e4 tai hiivoja tuhoava perusvaikutus<br \/>\n\u2022 EN 14476 Kvantitatiivinen suspensiotesti virusidisen tehon osoittamiseksi terveydenhuollossa (faasi 2\/vaihe 1)<\/p>\n<p><strong>K\u00c4YTT\u00d6OHJE (Oheiset ohjeet luettava ennen ka\u0308ytto\u0308a\u0308):<\/p>\n<p><\/strong>\u2022 Annostele riitt\u00e4v\u00e4 m\u00e4\u00e4r\u00e4 (3-5ml) kuiville k\u00e4sille, hieroen huolellisesti k\u00e4mmeniin, sormiin ja sormenv\u00e4leihin.<br \/>\n\u2022 Anna vaikuttaa v\u00e4hint\u00e4\u00e4n 30 sekunnin ajan, kunnes k\u00e4det ovat kuivat. K\u00e4sien huuhtelu vedell\u00e4 ei ole tarpeen.<\/p>\n<p>Suositellaan k\u00e4ytett\u00e4v\u00e4ksi kaikkialla, miss\u00e4 tarvitaan nopeaa ja k\u00e4ytt\u00f6valmista k\u00e4sien desinfiointia.<\/p>\n<p><strong><br \/>\nHUOM. AMMATTIK\u00c4YTT\u00d6\u00d6N!<\/strong><\/p>\n<p><strong><br \/>\nSis\u00e4lt\u00e4\u00e4:<\/strong><br \/>\n(Composition according to the E.C. guide lines)\u00a0 aqua, alcohol denat. 80% Ethanol CAS N\u00b0 64-17-5, glycerine, Hydroxypropyl Methylcellulose.<\/p>\n<p><strong>Tuotenumerot eri ko&#8217;oille:<\/strong><\/p>\n<p>1066500 (500ml) pullo<br \/>\n1066100 (100ml) pullo<br \/>\n10665L (5 L) kanisteri<\/p>\n<p>&nbsp;<\/p>\n","protected":false},"excerpt":{"rendered":"<p><strong>TEHO Alkogel<\/strong> on tehokas ja k\u00e4ytt\u00f6valmis desinfioiva <strong>k\u00e4sigeeli, joka tuhoaa 99,9% mikrobeista<\/strong> (Biosidi PT1). Tuotteen kosteuttavat aineosat v\u00e4hent\u00e4v\u00e4t k\u00e4sien kuivumista. Denaturoitu etanoli tuhoaa tehokkaasti bakteerit, homeet, sienet, hiivat ja useimmat virukset.<\/p>\n[maxbutton id=\"2\" url=\"https:\/\/www.hitech.fi\/hitech\/wp-content\/uploads\/2023\/12\/TEHO_Alkogel_web.pdf\" text=\"Lataa tuotekortti\" window=\"new\" ]\n","protected":false},"featured_media":757,"comment_status":"closed","ping_status":"closed","template":"","meta":[],"product_brand":[],"product_cat":[95,146,147,134,136,138,137,139,135,133],"product_tag":[],"class_list":{"0":"post-756","1":"product","2":"type-product","3":"status-publish","4":"has-post-thumbnail","6":"product_cat-aerosolit-ja-sprayt","7":"product_cat-desinfiointi-aerosolit-ja-sprayt","8":"product_cat-huolto-ja-korjaus","9":"product_cat-kalusto-ja-ajoneuvot","10":"product_cat-keittio-ja-elintarviketeollisuus","11":"product_cat-kiinteistohuolto","12":"product_cat-maatalous","13":"product_cat-metsatalous","14":"product_cat-teollisuus","15":"product_cat-toimialat","17":"first","18":"instock","19":"shipping-taxable","20":"product-type-simple"},"yoast_head":"<!-- This site is optimized with the Yoast SEO plugin v24.3 - https:\/\/yoast.com\/wordpress\/plugins\/seo\/ -->\n<title>TEHO Alkogel -desinfiointigeeli k\u00e4sille | Hitech Chemicals<\/title>\n<meta name=\"robots\" content=\"index, follow, max-snippet:-1, max-image-preview:large, max-video-preview:-1\" \/>\n<link rel=\"canonical\" href=\"https:\/\/www.hitech.fi\/hitech\/product\/teho-alkogel-desinfiointigeeli-kasille\/\" \/>\n<meta property=\"og:locale\" content=\"fi_FI\" \/>\n<meta property=\"og:type\" content=\"article\" \/>\n<meta property=\"og:title\" content=\"TEHO Alkogel -desinfiointigeeli k\u00e4sille | Hitech Chemicals\" \/>\n<meta property=\"og:description\" content=\"TEHO Alkogel on tehokas ja k\u00e4ytt\u00f6valmis desinfioiva k\u00e4sigeeli, joka tuhoaa 99,9% mikrobeista (Biosidi PT1). Tuotteen kosteuttavat aineosat v\u00e4hent\u00e4v\u00e4t k\u00e4sien kuivumista. Denaturoitu etanoli tuhoaa tehokkaasti bakteerit, homeet, sienet, hiivat ja useimmat virukset.\" \/>\n<meta property=\"og:url\" content=\"https:\/\/www.hitech.fi\/hitech\/product\/teho-alkogel-desinfiointigeeli-kasille\/\" \/>\n<meta property=\"og:site_name\" content=\"Hitech Chemicals\" \/>\n<meta property=\"article:publisher\" content=\"https:\/\/www.facebook.com\/hitechfinland\" \/>\n<meta property=\"article:modified_time\" content=\"2024-05-10T11:40:25+00:00\" \/>\n<meta property=\"og:image\" content=\"https:\/\/www.hitech.fi\/hitech\/wp-content\/uploads\/2023\/10\/hires_Teho_Alkogel_500ml_B.jpg\" \/>\n\t<meta property=\"og:image:width\" content=\"1024\" \/>\n\t<meta property=\"og:image:height\" content=\"1024\" \/>\n\t<meta property=\"og:image:type\" content=\"image\/jpeg\" \/>\n<meta name=\"twitter:card\" content=\"summary_large_image\" \/>\n<meta name=\"twitter:label1\" content=\"Arvioitu lukuaika\" \/>\n\t<meta name=\"twitter:data1\" content=\"1 minuutti\" \/>\n<script type=\"application\/ld+json\" class=\"yoast-schema-graph\">{\"@context\":\"https:\/\/schema.org\",\"@graph\":[{\"@type\":\"WebPage\",\"@id\":\"https:\/\/www.hitech.fi\/hitech\/product\/teho-alkogel-desinfiointigeeli-kasille\/\",\"url\":\"https:\/\/www.hitech.fi\/hitech\/product\/teho-alkogel-desinfiointigeeli-kasille\/\",\"name\":\"TEHO Alkogel -desinfiointigeeli k\u00e4sille | Hitech Chemicals\",\"isPartOf\":{\"@id\":\"https:\/\/www.hitech.fi\/hitech\/#website\"},\"primaryImageOfPage\":{\"@id\":\"https:\/\/www.hitech.fi\/hitech\/product\/teho-alkogel-desinfiointigeeli-kasille\/#primaryimage\"},\"image\":{\"@id\":\"https:\/\/www.hitech.fi\/hitech\/product\/teho-alkogel-desinfiointigeeli-kasille\/#primaryimage\"},\"thumbnailUrl\":\"https:\/\/www.hitech.fi\/hitech\/wp-content\/uploads\/2023\/10\/hires_Teho_Alkogel_500ml_B.jpg\",\"datePublished\":\"2023-10-17T05:38:44+00:00\",\"dateModified\":\"2024-05-10T11:40:25+00:00\",\"breadcrumb\":{\"@id\":\"https:\/\/www.hitech.fi\/hitech\/product\/teho-alkogel-desinfiointigeeli-kasille\/#breadcrumb\"},\"inLanguage\":\"fi\",\"potentialAction\":[{\"@type\":\"ReadAction\",\"target\":[\"https:\/\/www.hitech.fi\/hitech\/product\/teho-alkogel-desinfiointigeeli-kasille\/\"]}]},{\"@type\":\"ImageObject\",\"inLanguage\":\"fi\",\"@id\":\"https:\/\/www.hitech.fi\/hitech\/product\/teho-alkogel-desinfiointigeeli-kasille\/#primaryimage\",\"url\":\"https:\/\/www.hitech.fi\/hitech\/wp-content\/uploads\/2023\/10\/hires_Teho_Alkogel_500ml_B.jpg\",\"contentUrl\":\"https:\/\/www.hitech.fi\/hitech\/wp-content\/uploads\/2023\/10\/hires_Teho_Alkogel_500ml_B.jpg\",\"width\":1024,\"height\":1024,\"caption\":\"TEHO Alkogel -k\u00e4sien desinfiointiaine\"},{\"@type\":\"BreadcrumbList\",\"@id\":\"https:\/\/www.hitech.fi\/hitech\/product\/teho-alkogel-desinfiointigeeli-kasille\/#breadcrumb\",\"itemListElement\":[{\"@type\":\"ListItem\",\"position\":1,\"name\":\"Etusivu\",\"item\":\"https:\/\/www.hitech.fi\/hitech\/\"},{\"@type\":\"ListItem\",\"position\":2,\"name\":\"Katalogi\",\"item\":\"https:\/\/www.hitech.fi\/hitech\/katalogi\/\"},{\"@type\":\"ListItem\",\"position\":3,\"name\":\"TEHO Alkogel -desinfiointigeeli k\u00e4sille\"}]},{\"@type\":\"WebSite\",\"@id\":\"https:\/\/www.hitech.fi\/hitech\/#website\",\"url\":\"https:\/\/www.hitech.fi\/hitech\/\",\"name\":\"Hitech Chemicals\",\"description\":\"Puhdistusaineet ja huoltotuotteet\",\"publisher\":{\"@id\":\"https:\/\/www.hitech.fi\/hitech\/#organization\"},\"potentialAction\":[{\"@type\":\"SearchAction\",\"target\":{\"@type\":\"EntryPoint\",\"urlTemplate\":\"https:\/\/www.hitech.fi\/hitech\/?s={search_term_string}\"},\"query-input\":{\"@type\":\"PropertyValueSpecification\",\"valueRequired\":true,\"valueName\":\"search_term_string\"}}],\"inLanguage\":\"fi\"},{\"@type\":\"Organization\",\"@id\":\"https:\/\/www.hitech.fi\/hitech\/#organization\",\"name\":\"Hitech Chemicals\",\"alternateName\":\"Hitech\",\"url\":\"https:\/\/www.hitech.fi\/hitech\/\",\"logo\":{\"@type\":\"ImageObject\",\"inLanguage\":\"fi\",\"@id\":\"https:\/\/www.hitech.fi\/hitech\/#\/schema\/logo\/image\/\",\"url\":\"https:\/\/www.hitech.fi\/hitech\/wp-content\/uploads\/2023\/06\/cropped-hitech_logo_600x600.png\",\"contentUrl\":\"https:\/\/www.hitech.fi\/hitech\/wp-content\/uploads\/2023\/06\/cropped-hitech_logo_600x600.png\",\"width\":512,\"height\":512,\"caption\":\"Hitech Chemicals\"},\"image\":{\"@id\":\"https:\/\/www.hitech.fi\/hitech\/#\/schema\/logo\/image\/\"},\"sameAs\":[\"https:\/\/www.facebook.com\/hitechfinland\"]}]}<\/script>\n<!-- \/ Yoast SEO plugin. -->","yoast_head_json":{"title":"TEHO Alkogel -desinfiointigeeli k\u00e4sille | Hitech Chemicals","robots":{"index":"index","follow":"follow","max-snippet":"max-snippet:-1","max-image-preview":"max-image-preview:large","max-video-preview":"max-video-preview:-1"},"canonical":"https:\/\/www.hitech.fi\/hitech\/product\/teho-alkogel-desinfiointigeeli-kasille\/","og_locale":"fi_FI","og_type":"article","og_title":"TEHO Alkogel -desinfiointigeeli k\u00e4sille | Hitech Chemicals","og_description":"TEHO Alkogel on tehokas ja k\u00e4ytt\u00f6valmis desinfioiva k\u00e4sigeeli, joka tuhoaa 99,9% mikrobeista (Biosidi PT1). Tuotteen kosteuttavat aineosat v\u00e4hent\u00e4v\u00e4t k\u00e4sien kuivumista. Denaturoitu etanoli tuhoaa tehokkaasti bakteerit, homeet, sienet, hiivat ja useimmat virukset.","og_url":"https:\/\/www.hitech.fi\/hitech\/product\/teho-alkogel-desinfiointigeeli-kasille\/","og_site_name":"Hitech Chemicals","article_publisher":"https:\/\/www.facebook.com\/hitechfinland","article_modified_time":"2024-05-10T11:40:25+00:00","og_image":[{"width":1024,"height":1024,"url":"https:\/\/www.hitech.fi\/hitech\/wp-content\/uploads\/2023\/10\/hires_Teho_Alkogel_500ml_B.jpg","type":"image\/jpeg"}],"twitter_card":"summary_large_image","twitter_misc":{"Arvioitu lukuaika":"1 minuutti"},"schema":{"@context":"https:\/\/schema.org","@graph":[{"@type":"WebPage","@id":"https:\/\/www.hitech.fi\/hitech\/product\/teho-alkogel-desinfiointigeeli-kasille\/","url":"https:\/\/www.hitech.fi\/hitech\/product\/teho-alkogel-desinfiointigeeli-kasille\/","name":"TEHO Alkogel -desinfiointigeeli k\u00e4sille | Hitech Chemicals","isPartOf":{"@id":"https:\/\/www.hitech.fi\/hitech\/#website"},"primaryImageOfPage":{"@id":"https:\/\/www.hitech.fi\/hitech\/product\/teho-alkogel-desinfiointigeeli-kasille\/#primaryimage"},"image":{"@id":"https:\/\/www.hitech.fi\/hitech\/product\/teho-alkogel-desinfiointigeeli-kasille\/#primaryimage"},"thumbnailUrl":"https:\/\/www.hitech.fi\/hitech\/wp-content\/uploads\/2023\/10\/hires_Teho_Alkogel_500ml_B.jpg","datePublished":"2023-10-17T05:38:44+00:00","dateModified":"2024-05-10T11:40:25+00:00","breadcrumb":{"@id":"https:\/\/www.hitech.fi\/hitech\/product\/teho-alkogel-desinfiointigeeli-kasille\/#breadcrumb"},"inLanguage":"fi","potentialAction":[{"@type":"ReadAction","target":["https:\/\/www.hitech.fi\/hitech\/product\/teho-alkogel-desinfiointigeeli-kasille\/"]}]},{"@type":"ImageObject","inLanguage":"fi","@id":"https:\/\/www.hitech.fi\/hitech\/product\/teho-alkogel-desinfiointigeeli-kasille\/#primaryimage","url":"https:\/\/www.hitech.fi\/hitech\/wp-content\/uploads\/2023\/10\/hires_Teho_Alkogel_500ml_B.jpg","contentUrl":"https:\/\/www.hitech.fi\/hitech\/wp-content\/uploads\/2023\/10\/hires_Teho_Alkogel_500ml_B.jpg","width":1024,"height":1024,"caption":"TEHO Alkogel -k\u00e4sien desinfiointiaine"},{"@type":"BreadcrumbList","@id":"https:\/\/www.hitech.fi\/hitech\/product\/teho-alkogel-desinfiointigeeli-kasille\/#breadcrumb","itemListElement":[{"@type":"ListItem","position":1,"name":"Etusivu","item":"https:\/\/www.hitech.fi\/hitech\/"},{"@type":"ListItem","position":2,"name":"Katalogi","item":"https:\/\/www.hitech.fi\/hitech\/katalogi\/"},{"@type":"ListItem","position":3,"name":"TEHO Alkogel -desinfiointigeeli k\u00e4sille"}]},{"@type":"WebSite","@id":"https:\/\/www.hitech.fi\/hitech\/#website","url":"https:\/\/www.hitech.fi\/hitech\/","name":"Hitech Chemicals","description":"Puhdistusaineet ja huoltotuotteet","publisher":{"@id":"https:\/\/www.hitech.fi\/hitech\/#organization"},"potentialAction":[{"@type":"SearchAction","target":{"@type":"EntryPoint","urlTemplate":"https:\/\/www.hitech.fi\/hitech\/?s={search_term_string}"},"query-input":{"@type":"PropertyValueSpecification","valueRequired":true,"valueName":"search_term_string"}}],"inLanguage":"fi"},{"@type":"Organization","@id":"https:\/\/www.hitech.fi\/hitech\/#organization","name":"Hitech Chemicals","alternateName":"Hitech","url":"https:\/\/www.hitech.fi\/hitech\/","logo":{"@type":"ImageObject","inLanguage":"fi","@id":"https:\/\/www.hitech.fi\/hitech\/#\/schema\/logo\/image\/","url":"https:\/\/www.hitech.fi\/hitech\/wp-content\/uploads\/2023\/06\/cropped-hitech_logo_600x600.png","contentUrl":"https:\/\/www.hitech.fi\/hitech\/wp-content\/uploads\/2023\/06\/cropped-hitech_logo_600x600.png","width":512,"height":512,"caption":"Hitech Chemicals"},"image":{"@id":"https:\/\/www.hitech.fi\/hitech\/#\/schema\/logo\/image\/"},"sameAs":["https:\/\/www.facebook.com\/hitechfinland"]}]}},"_links":{"self":[{"href":"https:\/\/www.hitech.fi\/hitech\/wp-json\/wp\/v2\/product\/756","targetHints":{"allow":["GET"]}}],"collection":[{"href":"https:\/\/www.hitech.fi\/hitech\/wp-json\/wp\/v2\/product"}],"about":[{"href":"https:\/\/www.hitech.fi\/hitech\/wp-json\/wp\/v2\/types\/product"}],"replies":[{"embeddable":true,"href":"https:\/\/www.hitech.fi\/hitech\/wp-json\/wp\/v2\/comments?post=756"}],"wp:featuredmedia":[{"embeddable":true,"href":"https:\/\/www.hitech.fi\/hitech\/wp-json\/wp\/v2\/media\/757"}],"wp:attachment":[{"href":"https:\/\/www.hitech.fi\/hitech\/wp-json\/wp\/v2\/media?parent=756"}],"wp:term":[{"taxonomy":"product_brand","embeddable":true,"href":"https:\/\/www.hitech.fi\/hitech\/wp-json\/wp\/v2\/product_brand?post=756"},{"taxonomy":"product_cat","embeddable":true,"href":"https:\/\/www.hitech.fi\/hitech\/wp-json\/wp\/v2\/product_cat?post=756"},{"taxonomy":"product_tag","embeddable":true,"href":"https:\/\/www.hitech.fi\/hitech\/wp-json\/wp\/v2\/product_tag?post=756"}],"curies":[{"name":"wp","href":"https:\/\/api.w.org\/{rel}","templated":true}]}}